{"id":96,"date":"2019-05-30T18:07:05","date_gmt":"2019-05-30T18:07:05","guid":{"rendered":"https:\/\/popolvuh.ufm.edu\/?page_id=96"},"modified":"2026-03-24T19:19:27","modified_gmt":"2026-03-24T19:19:27","slug":"enlaces","status":"publish","type":"page","link":"https:\/\/popolvuh.ufm.edu\/?page_id=96","title":{"rendered":"Enlaces"},"content":{"rendered":"\r\n<h2>Arqueolog\u00eda y arte prehisp\u00e1nico de Mesoam\u00e9rica<\/h2>\r\n<table>\r\n<tbody>\r\n<tr>\r\n<td><a href=\"http:\/\/www.famsi.org\/\">Fundaci\u00f3n para el Avance de los Estudios Mesoamericanos (FAMSI)<\/a><\/td>\r\n<td>Reportes de investigaciones realizadas en toda Mesoam\u00e9rica, y valiosos recursos de investigaci\u00f3n, que incluye una Bibliograf\u00eda Mesoamericana, versiones digitales de los c\u00f3dices mayas, y la Maya Vase Database, que contiene las fotograf\u00edas rollout de cer\u00e1mica m\u00e1ya, hechas por Justin Kerr, adem\u00e1s de otros recursos similares.<\/td>\r\n<\/tr>\r\n<tr>\r\n<td>Asociaci\u00f3n Tikal &#8211; Simposio de Investigaciones Arqueol\u00f3gicas en Guatemala<\/td>\r\n<td>Sitio de la Asociaci\u00f3n Tikal, que incluye las memorias de los Simposios de Investigaciones Arqueol\u00f3gicas en Guatemala, con numerosos reportes de investigaciones recientes, a partir de 1988.<\/td>\r\n<\/tr>\r\n<tr>\r\n<td><a href=\"http:\/\/www.atlasarqueologico.com\/\">Atlas Arqueol\u00f3gico de Guatemala<\/a><\/td>\r\n<td>Proyecto de registro de los sitios arqueol\u00f3gicos en Guatemala, que actualmente abarca extensas regiones del departamento de Pet\u00e9n. El sitio incluye los reportes y monograf\u00edas derivadas de los trabajos del proyecto.<\/td>\r\n<\/tr>\r\n<tr>\r\n<td><a href=\"http:\/\/www.mesoweb.com\/\">Mesoweb<\/a><\/td>\r\n<td>Arqueolog\u00eda y Arte mesoamericano. Contiene valiosa informaci\u00f3n sobre investigaciones recientes en Palenque, y art\u00edculos sobre diversos temas, principalmente relacionados con la escritura y el arte\u00a0maya.<\/td>\r\n<\/tr>\r\n<tr>\r\n<td><a href=\"http:\/\/www.doaks.org\/\">Dumbarton Oaks<\/a><\/td>\r\n<td>Centro de estudios precolombinos, bizantinos y de arquitectura del paisaje. El sitio incluye el texto completo de los libros m\u00e1s recientes de Dumbarton Oaks.<\/td>\r\n<\/tr>\r\n<tr>\r\n<td><a href=\"http:\/\/www.arqueomex.com\/\">Arqueolog\u00eda Mexicana<\/a><\/td>\r\n<td>Revista Arqueologia Mexicana, contiene articulos selectos en linea.<\/td>\r\n<\/tr>\r\n<tr>\r\n<td><a href=\"http:\/\/via.harvard.edu\/\">via.harvard.edu<\/a><\/td>\r\n<td>Acceso al archivo fotografico de la Institucion Carnegie, preservada en el Museo Peabody de Arqueologia y Etnologia.<\/td>\r\n<\/tr>\r\n<tr>\r\n<td><a href=\"http:\/\/www.wayeb.org\/\">Wayeb<\/a><\/td>\r\n<td>Asociaci\u00f3n Europea de Mayistas. Contiene los textos de la serie &#8220;Wayeb Notes&#8221;, reportes de investigaciones enfocadas principalmente en la escritura maya.<\/td>\r\n<\/tr>\r\n<tr>\r\n<td>Arte Cortesano de los Antiguos Mayas<\/td>\r\n<td>Exhibici\u00f3n temporal de la Galeria Nacional de Arte de Washington. Contiene informaci\u00f3n y fotograf\u00edas de varios temas como: La vida en las cortes mayas, las mujeres en la corte, la corte y la guerra etc.<\/td>\r\n<\/tr>\r\n<tr>\r\n<td><a href=\"http:\/\/www.caracol.org\/\">Proyecto Caracol<\/a><\/td>\r\n<td>P\u00e1gina oficial del Proyecto Arqueol\u00f3gico Caracol. Historia del sitio, excavaciones y reportes de las temporadas de campo.<\/td>\r\n<\/tr>\r\n<tr>\r\n<td><a href=\"http:\/\/www.ballgame.org\/\">The Mesoamerican Ballgame<\/a><\/td>\r\n<td>Sitio educacional sobre el juego de pelota mesoamericano.<\/td>\r\n<\/tr>\r\n<tr>\r\n<td><a href=\"http:\/\/www.loc.gov\/exhibits\/kislak\/\">The Cultures and History of the Americas<\/a><\/td>\r\n<td>Exhibici\u00f3n especial de la Biblioteca del Congreso, de la colecci\u00f3n donada por Jay I. Kislak.<\/td>\r\n<\/tr>\r\n<tr>\r\n<td>Unaahil B&#8217;aak: The Temples of Palenque<\/td>\r\n<td>Sitio con informaci\u00f3n general sobre arquitectura, escritura, historia, etc. del sitio arqueol\u00f3gico de Palenque.<\/td>\r\n<\/tr>\r\n<tr>\r\n<td><a href=\"http:\/\/mayanewsupdates.blogspot.com\/\">Maya-News-Update<\/a><\/td>\r\n<td>Blog dedicado a la difusi\u00f3n de noticias relacionadas con la antigua mesoam\u00e9rica, investigaci\u00f3nes, exhibiciones en museos, escritura, conferencias, etc.<\/td>\r\n<\/tr>\r\n<tr>\r\n<td>Estudios de Cultura Maya<\/td>\r\n<td>Revista del Centro de Estudios Mayas de la Universidad Nacional Aut\u00f3noma de M\u00e9xico. Acoge art\u00edculos in\u00e9ditos de investigaci\u00f3n, documentos de archivo provistos de estudios introductorios, y rese\u00f1as sobre libros y art\u00edculos recientes.\u00a0<\/td>\r\n<\/tr>\r\n<tr>\r\n<td>Museo Nacional de Arqueolog\u00eda y Etnolog\u00eda de Guatemala<\/td>\r\n<td>Cat\u00e1logo en l\u00ednea del Museo Nacional de Arqueolog\u00eda y Etnolog\u00eda de Guatemala. Se puede acceder a varias piezas de la colecci\u00f3n, cada una con su respectiva fotograf\u00eda y descripci\u00f3n.<\/td>\r\n<\/tr>\r\n<\/tbody>\r\n<\/table>\r\n<h2>Historia, cultura y arte colonial de Guatemala<\/h2>\r\n<table>\r\n<tbody>\r\n<tr>\r\n<td style=\"width: 377.18px;\"><a href=\"http:\/\/www.academiageohist.org.gt\/index.html\">Academia de Geograf\u00eda e Historia de Guatemala<\/a><\/td>\r\n<td style=\"width: 1442.02px;\">El sitio incluye acceso al cat\u00e1logo de la biblioteca de la Academia, una de las mas completas en temas relacionados ocn la historia y la geograf\u00eda de Centroam\u00e9rica.<\/td>\r\n<\/tr>\r\n<tr>\r\n<td style=\"width: 377.18px;\"><a href=\"http:\/\/www.museoixchel.org\/\">Museo Ixchel<\/a><\/td>\r\n<td style=\"width: 1442.02px;\">Museo dedicado a la conservaci\u00f3n y el estudio de los textiles tradicionales de Guatemala. Se encuentra vecino al Museo Popol Vuh, en el campus de la Universidad Francisco Marroqu\u00edn.<\/td>\r\n<\/tr>\r\n<tr>\r\n<td style=\"width: 377.18px;\"><a href=\"http:\/\/www.smith.edu\/vistas\/vistas_web\/espanol\/index.html\">Vistas: Cultura Visual de Hispanoam\u00e9rica, 1520-1820<\/a><\/td>\r\n<td style=\"width: 1442.02px;\">Informaci\u00f3n sobre la \u00e9poca colonial de Hispanoam\u00e9rica, con numerosas ilustraciones.<\/td>\r\n<\/tr>\r\n<tr>\r\n<td style=\"width: 377.18px;\"><a href=\"http:\/\/www.mtholyoke.edu\/acad\/latam\/africaniasp.html\">La African\u00eda y las Identidades Centroamericanas<\/a><\/td>\r\n<td style=\"width: 1442.02px;\">Programa de investigaci\u00f3n interdisciplinaria y multinacional que busca reconceptualizar y documentar, tanto en lo visual como textual, la historia de la poblaci\u00f3n de ascendencia africana en Centroamerica.<\/td>\r\n<\/tr>\r\n<tr>\r\n<td style=\"width: 377.18px;\"><a href=\"http:\/\/susanfrost.org\/Guatemala\/GuatPCs.htm\">Guatemalan Postcard Photographers<\/a><\/td>\r\n<td style=\"width: 1442.02px;\">Una notable muestra de postales hist\u00f3ricas de Guatemala.<\/td>\r\n<\/tr>\r\n<tr>\r\n<td style=\"width: 377.18px;\"><a href=\"http:\/\/www.sil.si.edu\/DigitalCollections\/bca\/\">Biologia Centrali-Americana<\/a><\/td>\r\n<td style=\"width: 1442.02px;\">Edici\u00f3n digital del libro Biologia Centrali-Americana. Contiene descripciones e im\u00e1genes de miles de especies animales y plantas.<\/td>\r\n<\/tr>\r\n<\/tbody>\r\n<\/table>\r\n<p><\/p>\r\n<h2>La revista <i>Correo del Maestro: Serpiente de fuego<\/i><\/h2>\r\n<table style=\"width: 79.244%; height: 168px;\">\r\n<tbody>\r\n<tr style=\"height: 48px;\">\r\n<td style=\"width: 20.684%; height: 48px;\"><a href=\"https:\/\/documentcloud.adobe.com\/gsuiteintegration\/index.html?state=%7B%22ids%22%3A%5B%221YLEjndsoyvYKexx3n4OJUKYJuivWo2gz%22%5D%2C%22action%22%3A%22open%22%2C%22userId%22%3A%22100332403964661220645%22%2C%22resourceKeys%22%3A%7B%7D%7D\"><span style=\"color: #333333;\">Serpiente de fuego: significados de la mesoam\u00e9rica antigua \u00a0<\/span><\/a><\/td>\r\n<td style=\"width: 78.8817%; height: 48px;\">Una serie de art\u00edculos que abordan la historia de Mesoam\u00e9rica con base en los tres ejes conductores delineados en esta primera entrega.<\/td>\r\n<\/tr>\r\n<tr style=\"height: 24px;\">\r\n<td style=\"width: 20.684%; height: 24px;\"><a href=\"https:\/\/documentcloud.adobe.com\/gsuiteintegration\/index.html?state=%7B%22ids%22%3A%5B%221Qp0wofZ3e3lUjxzq7OtNkePnhkmmyEMM%22%5D%2C%22action%22%3A%22open%22%2C%22userId%22%3A%22100332403964661220645%22%2C%22resourceKeys%22%3A%7B%7D%7D\"><span style=\"color: #333333;\">Serpiente de fuego: el poblamiento de Am\u00e9rica<\/span><\/a><\/td>\r\n<td style=\"width: 78.8817%; height: 24px;\">El origen de la humanidad en Am\u00e9rica se ha explicado desde diversas perspectivas.<\/td>\r\n<\/tr>\r\n<tr style=\"height: 24px;\">\r\n<td style=\"width: 20.684%; height: 24px;\"><a href=\"https:\/\/documentcloud.adobe.com\/gsuiteintegration\/index.html?state=%7B%22ids%22%3A%5B%221i6yFr5PjAlY7yB3VOTLDBzWgdyk9ciYY%22%5D%2C%22action%22%3A%22open%22%2C%22userId%22%3A%22100332403964661220645%22%2C%22resourceKeys%22%3A%7B%7D%7D\"><span style=\"color: #333333;\">Serpiente de fuego: Los Caminos del Maiz<\/span><\/a><\/td>\r\n<td style=\"width: 78.8817%; height: 24px;\">Miles de a\u00f1os separan el arribo de los primeros pobladores humanos de Am\u00e9rica del tiempo en que sus descendientes consolidaron sus habilidades para producir alimentos.<\/td>\r\n<\/tr>\r\n<tr style=\"height: 24px;\">\r\n<td style=\"width: 20.684%; height: 24px;\"><a href=\"https:\/\/documentcloud.adobe.com\/gsuiteintegration\/index.html?state=%7B%22ids%22%3A%5B%221uQRVscA0E-SCMSXI00Fkjqw0mh08Yydf%22%5D%2C%22action%22%3A%22open%22%2C%22userId%22%3A%22100332403964661220645%22%2C%22resourceKeys%22%3A%7B%7D%7D\"><span style=\"color: #333333;\">Serpiente de fuego: Los Nombres del Pret\u00e9rito<\/span><\/a><\/td>\r\n<td style=\"width: 78.8817%; height: 24px;\">La era prehist\u00f3rica abordada en las anteriores entregas de esta serie se transmuta ahora en otra de car\u00e1cter hist\u00f3rico.<\/td>\r\n<\/tr>\r\n<tr style=\"height: 24px;\">\r\n<td style=\"width: 20.684%; height: 24px;\"><a href=\"https:\/\/documentcloud.adobe.com\/gsuiteintegration\/index.html?state=%7B%22ids%22%3A%5B%221mw3sa67nOiBlKU6W3dAOeTyrDl5Pf65_%22%5D%2C%22action%22%3A%22open%22%2C%22userId%22%3A%22100332403964661220645%22%2C%22resourceKeys%22%3A%7B%7D%7D\"><span style=\"color: #333333;\">Sepierte de fuego: mestizaje en la ciudad de los dioses\u00a0<\/span><\/a><\/td>\r\n<td style=\"width: 78.8817%; height: 24px;\">El periodo Cl\u00e1sico de la historia antigua de Mesoam\u00e9rica sucedieron el surgimiento, el esplendor y la decadencia de monumentales centros urbanos.<\/td>\r\n<\/tr>\r\n<tr style=\"height: 24px;\">\r\n<td style=\"width: 20.684%; height: 24px;\"><a href=\"https:\/\/documentcloud.adobe.com\/gsuiteintegration\/index.html?state=%7B%22ids%22%3A%5B%221b9gKf79BQsdQ1jciXW7G-T6wv8DycMZt%22%5D%2C%22action%22%3A%22open%22%2C%22userId%22%3A%22100332403964661220645%22%2C%22resourceKeys%22%3A%7B%7D%7D\"><span style=\"color: #333333;\">Serpiente de fuego: El enigma Maya<\/span><\/a><\/td>\r\n<td style=\"width: 78.8817%; height: 24px;\">\r\n<p>Es usual que se hable de un enigma en referencia al colapso y abandono de los grandes centros ceremoniales mayas entre los siglos VIII y X.<\/p>\r\n<\/td>\r\n<\/tr>\r\n<\/tbody>\r\n<\/table>\r\n<table style=\"width: 79.3309%; height: 116px;\">\r\n<tbody>\r\n<tr style=\"height: 24px;\">\r\n<td style=\"width: 20.7926%; height: 24px;\"><a href=\"https:\/\/documentcloud.adobe.com\/gsuiteintegration\/index.html?state=%7B%22ids%22%3A%5B%221nBWLnQ-Rc9BLbBybi-FAx54ivQwvQcM_%22%5D%2C%22action%22%3A%22open%22%2C%22userId%22%3A%22100332403964661220645%22%2C%22resourceKeys%22%3A%7B%7D%7D\"><span style=\"color: #333333;\">Serpiente de fuego: epicl\u00e1sico y Quetzalc\u00f3atl<\/span><\/a><\/td>\r\n<td style=\"width: 78.8855%; height: 24px;\">La decadencia de Teotihuacan demora uno o dos siglos, pero al cabo culmina con el abandono de la gran metr\u00f3polis del valle de M\u00e9xico hacia fines del siglo VIII<\/td>\r\n<\/tr>\r\n<tr style=\"height: 24px;\">\r\n<td style=\"width: 20.7926%; height: 24px;\"><a href=\"https:\/\/documentcloud.adobe.com\/gsuiteintegration\/index.html?state=%7B%22ids%22%3A%5B%2217Szl7gl3gVWfabLwC2abIkVihamyussa%22%5D%2C%22action%22%3A%22open%22%2C%22userId%22%3A%22100332403964661220645%22%2C%22resourceKeys%22%3A%7B%7D%7D\"><span style=\"color: #333333;\">Serpiente de fuego:\u00bfel fin de uan era?\u00a0<\/span><\/a><\/td>\r\n<td style=\"width: 78.8855%; height: 24px;\">\r\n<p>de la gran capital mexica desde los lagos que la rodeaban, Hern\u00e1n Cort\u00e9s mand\u00f3 confeccionar bergantines usando piezas y materiales de los barcos que dos a\u00f1os antes hab\u00eda hecho encallar en Veracruz.<\/p>\r\n.<\/td>\r\n<\/tr>\r\n<tr style=\"height: 24px;\">\r\n<td style=\"width: 20.7926%; height: 24px;\">\u00a0<\/td>\r\n<td style=\"width: 78.8855%; height: 24px;\">\u00a0<\/td>\r\n<\/tr>\r\n<tr style=\"height: 24px;\">\r\n<td style=\"width: 20.7926%; height: 24px;\">\u00a0<\/td>\r\n<td style=\"width: 78.8855%; height: 24px;\">\u00a0<\/td>\r\n<\/tr>\r\n<tr style=\"height: 10px;\">\r\n<td style=\"width: 20.7926%; height: 10px;\">\u00a0<\/td>\r\n<td style=\"width: 78.8855%; height: 10px;\">\u00a0<\/td>\r\n<\/tr>\r\n<tr style=\"height: 10px;\">\r\n<td style=\"width: 20.7926%; height: 10px;\">\u00a0<\/td>\r\n<td style=\"width: 78.8855%; height: 10px;\">\u00a0<\/td>\r\n<\/tr>\r\n<\/tbody>\r\n<\/table>","protected":false},"excerpt":{"rendered":"<p>Arqueolog\u00eda y arte prehisp\u00e1nico de Mesoam\u00e9rica Fundaci\u00f3n para el Avance de los Estudios Mesoamericanos (FAMSI) Reportes de investigaciones realizadas en toda Mesoam\u00e9rica, y valiosos recursos de investigaci\u00f3n, que incluye una Bibliograf\u00eda Mesoamericana, versiones digitales de los c\u00f3dices mayas, y la Maya Vase Database, que contiene las fotograf\u00edas rollout de cer\u00e1mica m\u00e1ya, hechas por Justin Kerr,&hellip;<\/p>\n","protected":false},"author":1,"featured_media":0,"parent":56,"menu_order":0,"comment_status":"closed","ping_status":"closed","template":"","meta":{"footnotes":""},"class_list":["post-96","page","type-page","status-publish","hentry"],"yoast_head":"<!-- This site is optimized with the Yoast SEO plugin v21.8 - https:\/\/yoast.com\/wordpress\/plugins\/seo\/ -->\n<title>Enlaces - Museo Popol Vuh<\/title>\n<meta name=\"robots\" content=\"index, follow, max-snippet:-1, max-image-preview:large, max-video-preview:-1\" \/>\n<link rel=\"canonical\" href=\"https:\/\/popolvuh.ufm.edu\/investigacion\/enlaces\/\" \/>\n<meta property=\"og:locale\" content=\"es_ES\" \/>\n<meta property=\"og:type\" content=\"article\" \/>\n<meta property=\"og:title\" content=\"Enlaces - Museo Popol Vuh\" \/>\n<meta property=\"og:description\" content=\"Arqueolog\u00eda y arte prehisp\u00e1nico de Mesoam\u00e9rica Fundaci\u00f3n para el Avance de los Estudios Mesoamericanos (FAMSI) Reportes de investigaciones realizadas en toda Mesoam\u00e9rica, y valiosos recursos de investigaci\u00f3n, que incluye una Bibliograf\u00eda Mesoamericana, versiones digitales de los c\u00f3dices mayas, y la Maya Vase Database, que contiene las fotograf\u00edas rollout de cer\u00e1mica m\u00e1ya, hechas por Justin Kerr,&hellip;\" \/>\n<meta property=\"og:url\" content=\"https:\/\/popolvuh.ufm.edu\/investigacion\/enlaces\/\" \/>\n<meta property=\"og:site_name\" content=\"Museo Popol Vuh\" \/>\n<meta property=\"article:publisher\" content=\"https:\/\/popolvuh.ufm.edu\/wp-content\/uploads\/2024\/04\/UFM-MUSEO-POPOL-VUH.png\" \/>\n<meta property=\"article:modified_time\" content=\"2026-03-24T19:19:27+00:00\" \/>\n<meta name=\"twitter:card\" content=\"summary_large_image\" \/>\n<meta name=\"twitter:label1\" content=\"Est. reading time\" \/>\n\t<meta name=\"twitter:data1\" content=\"4 minutos\" \/>\n<script type=\"application\/ld+json\" class=\"yoast-schema-graph\">{\"@context\":\"https:\/\/schema.org\",\"@graph\":[{\"@type\":\"WebPage\",\"@id\":\"https:\/\/popolvuh.ufm.edu\/investigacion\/enlaces\/\",\"url\":\"https:\/\/popolvuh.ufm.edu\/investigacion\/enlaces\/\",\"name\":\"Enlaces - Museo Popol Vuh\",\"isPartOf\":{\"@id\":\"https:\/\/popolvuh.ufm.edu\/#website\"},\"datePublished\":\"2019-05-30T18:07:05+00:00\",\"dateModified\":\"2026-03-24T19:19:27+00:00\",\"breadcrumb\":{\"@id\":\"https:\/\/popolvuh.ufm.edu\/investigacion\/enlaces\/#breadcrumb\"},\"inLanguage\":\"es\",\"potentialAction\":[{\"@type\":\"ReadAction\",\"target\":[\"https:\/\/popolvuh.ufm.edu\/investigacion\/enlaces\/\"]}]},{\"@type\":\"BreadcrumbList\",\"@id\":\"https:\/\/popolvuh.ufm.edu\/investigacion\/enlaces\/#breadcrumb\",\"itemListElement\":[{\"@type\":\"ListItem\",\"position\":1,\"name\":\"Inicio\",\"item\":\"https:\/\/popolvuh.ufm.edu\/\"},{\"@type\":\"ListItem\",\"position\":2,\"name\":\"Investigaci\u00f3n\",\"item\":\"https:\/\/popolvuh.ufm.edu\/investigacion\/\"},{\"@type\":\"ListItem\",\"position\":3,\"name\":\"Enlaces\"}]},{\"@type\":\"WebSite\",\"@id\":\"https:\/\/popolvuh.ufm.edu\/#website\",\"url\":\"https:\/\/popolvuh.ufm.edu\/\",\"name\":\"Museo Popol Vuh\",\"description\":\"El Museo Popol Vuh ofrece al visitante un recorrido \u00fanico por la historia de Guatemala, ilustrada por medio de una de las mejores colecciones de arte prehisp\u00e1nico y colonial del pa\u00eds.\",\"publisher\":{\"@id\":\"https:\/\/popolvuh.ufm.edu\/#organization\"},\"potentialAction\":[{\"@type\":\"SearchAction\",\"target\":{\"@type\":\"EntryPoint\",\"urlTemplate\":\"https:\/\/popolvuh.ufm.edu\/?s={search_term_string}\"},\"query-input\":\"required name=search_term_string\"}],\"inLanguage\":\"es\"},{\"@type\":\"Organization\",\"@id\":\"https:\/\/popolvuh.ufm.edu\/#organization\",\"name\":\"Museo Popol Vuh\",\"url\":\"https:\/\/popolvuh.ufm.edu\/\",\"logo\":{\"@type\":\"ImageObject\",\"inLanguage\":\"es\",\"@id\":\"https:\/\/popolvuh.ufm.edu\/#\/schema\/logo\/image\/\",\"url\":\"https:\/\/popolvuh.ufm.edu\/wp-content\/uploads\/2024\/04\/UFM-MUSEO-POPOL-VUH.png\",\"contentUrl\":\"https:\/\/popolvuh.ufm.edu\/wp-content\/uploads\/2024\/04\/UFM-MUSEO-POPOL-VUH.png\",\"width\":200,\"height\":200,\"caption\":\"Museo Popol Vuh\"},\"image\":{\"@id\":\"https:\/\/popolvuh.ufm.edu\/#\/schema\/logo\/image\/\"},\"sameAs\":[\"https:\/\/popolvuh.ufm.edu\/wp-content\/uploads\/2024\/04\/UFM-MUSEO-POPOL-VUH.png\"]}]}<\/script>\n<!-- \/ Yoast SEO plugin. -->","yoast_head_json":{"title":"Enlaces - Museo Popol Vuh","robots":{"index":"index","follow":"follow","max-snippet":"max-snippet:-1","max-image-preview":"max-image-preview:large","max-video-preview":"max-video-preview:-1"},"canonical":"https:\/\/popolvuh.ufm.edu\/investigacion\/enlaces\/","og_locale":"es_ES","og_type":"article","og_title":"Enlaces - Museo Popol Vuh","og_description":"Arqueolog\u00eda y arte prehisp\u00e1nico de Mesoam\u00e9rica Fundaci\u00f3n para el Avance de los Estudios Mesoamericanos (FAMSI) Reportes de investigaciones realizadas en toda Mesoam\u00e9rica, y valiosos recursos de investigaci\u00f3n, que incluye una Bibliograf\u00eda Mesoamericana, versiones digitales de los c\u00f3dices mayas, y la Maya Vase Database, que contiene las fotograf\u00edas rollout de cer\u00e1mica m\u00e1ya, hechas por Justin Kerr,&hellip;","og_url":"https:\/\/popolvuh.ufm.edu\/investigacion\/enlaces\/","og_site_name":"Museo Popol Vuh","article_publisher":"https:\/\/popolvuh.ufm.edu\/wp-content\/uploads\/2024\/04\/UFM-MUSEO-POPOL-VUH.png","article_modified_time":"2026-03-24T19:19:27+00:00","twitter_card":"summary_large_image","twitter_misc":{"Est. reading time":"4 minutos"},"schema":{"@context":"https:\/\/schema.org","@graph":[{"@type":"WebPage","@id":"https:\/\/popolvuh.ufm.edu\/investigacion\/enlaces\/","url":"https:\/\/popolvuh.ufm.edu\/investigacion\/enlaces\/","name":"Enlaces - Museo Popol Vuh","isPartOf":{"@id":"https:\/\/popolvuh.ufm.edu\/#website"},"datePublished":"2019-05-30T18:07:05+00:00","dateModified":"2026-03-24T19:19:27+00:00","breadcrumb":{"@id":"https:\/\/popolvuh.ufm.edu\/investigacion\/enlaces\/#breadcrumb"},"inLanguage":"es","potentialAction":[{"@type":"ReadAction","target":["https:\/\/popolvuh.ufm.edu\/investigacion\/enlaces\/"]}]},{"@type":"BreadcrumbList","@id":"https:\/\/popolvuh.ufm.edu\/investigacion\/enlaces\/#breadcrumb","itemListElement":[{"@type":"ListItem","position":1,"name":"Inicio","item":"https:\/\/popolvuh.ufm.edu\/"},{"@type":"ListItem","position":2,"name":"Investigaci\u00f3n","item":"https:\/\/popolvuh.ufm.edu\/investigacion\/"},{"@type":"ListItem","position":3,"name":"Enlaces"}]},{"@type":"WebSite","@id":"https:\/\/popolvuh.ufm.edu\/#website","url":"https:\/\/popolvuh.ufm.edu\/","name":"Museo Popol Vuh","description":"El Museo Popol Vuh ofrece al visitante un recorrido \u00fanico por la historia de Guatemala, ilustrada por medio de una de las mejores colecciones de arte prehisp\u00e1nico y colonial del pa\u00eds.","publisher":{"@id":"https:\/\/popolvuh.ufm.edu\/#organization"},"potentialAction":[{"@type":"SearchAction","target":{"@type":"EntryPoint","urlTemplate":"https:\/\/popolvuh.ufm.edu\/?s={search_term_string}"},"query-input":"required name=search_term_string"}],"inLanguage":"es"},{"@type":"Organization","@id":"https:\/\/popolvuh.ufm.edu\/#organization","name":"Museo Popol Vuh","url":"https:\/\/popolvuh.ufm.edu\/","logo":{"@type":"ImageObject","inLanguage":"es","@id":"https:\/\/popolvuh.ufm.edu\/#\/schema\/logo\/image\/","url":"https:\/\/popolvuh.ufm.edu\/wp-content\/uploads\/2024\/04\/UFM-MUSEO-POPOL-VUH.png","contentUrl":"https:\/\/popolvuh.ufm.edu\/wp-content\/uploads\/2024\/04\/UFM-MUSEO-POPOL-VUH.png","width":200,"height":200,"caption":"Museo Popol Vuh"},"image":{"@id":"https:\/\/popolvuh.ufm.edu\/#\/schema\/logo\/image\/"},"sameAs":["https:\/\/popolvuh.ufm.edu\/wp-content\/uploads\/2024\/04\/UFM-MUSEO-POPOL-VUH.png"]}]}},"_links":{"self":[{"href":"https:\/\/popolvuh.ufm.edu\/index.php?rest_route=\/wp\/v2\/pages\/96","targetHints":{"allow":["GET"]}}],"collection":[{"href":"https:\/\/popolvuh.ufm.edu\/index.php?rest_route=\/wp\/v2\/pages"}],"about":[{"href":"https:\/\/popolvuh.ufm.edu\/index.php?rest_route=\/wp\/v2\/types\/page"}],"author":[{"embeddable":true,"href":"https:\/\/popolvuh.ufm.edu\/index.php?rest_route=\/wp\/v2\/users\/1"}],"replies":[{"embeddable":true,"href":"https:\/\/popolvuh.ufm.edu\/index.php?rest_route=%2Fwp%2Fv2%2Fcomments&post=96"}],"version-history":[{"count":16,"href":"https:\/\/popolvuh.ufm.edu\/index.php?rest_route=\/wp\/v2\/pages\/96\/revisions"}],"predecessor-version":[{"id":17778,"href":"https:\/\/popolvuh.ufm.edu\/index.php?rest_route=\/wp\/v2\/pages\/96\/revisions\/17778"}],"up":[{"embeddable":true,"href":"https:\/\/popolvuh.ufm.edu\/index.php?rest_route=\/wp\/v2\/pages\/56"}],"wp:attachment":[{"href":"https:\/\/popolvuh.ufm.edu\/index.php?rest_route=%2Fwp%2Fv2%2Fmedia&parent=96"}],"curies":[{"name":"wp","href":"https:\/\/api.w.org\/{rel}","templated":true}]}}