{"id":60,"date":"2019-05-30T17:55:47","date_gmt":"2019-05-30T17:55:47","guid":{"rendered":"https:\/\/popolvuh.ufm.edu\/?page_id=60"},"modified":"2025-12-09T14:14:43","modified_gmt":"2025-12-09T14:14:43","slug":"biblioteca","status":"publish","type":"page","link":"https:\/\/popolvuh.ufm.edu\/?page_id=60","title":{"rendered":"Biblioteca"},"content":{"rendered":"\n\n\t<p>La biblioteca se encuentra catalogada dentro del sistema electr\u00f3nico de la <strong>Biblioteca Ludwig von Mises<\/strong>, <strong>de la Universidad Francisco Marroqu\u00edn<\/strong>. Dentro de este sistema, encontrara varias opciones de busqueda, seleccione la casilla Popol Vuh y realice su consulta.<\/p>\n<p><a href=\"http:\/\/biblioteca.ufm.edu\/library\/index.php\/Especial:GSMSearchPage\/\"><strong>Ingresar al Cat\u00e1logo digital<\/strong><\/a><\/p>\n<p>La biblioteca del Museo Popol Vuh se especializa en la arqueolog\u00eda, antropolog\u00eda, historia e historia del arte de Mesoam\u00e9rica, con especial \u00e9nfasis en Guatemala. Contiene m\u00e1s de 5,700 ejemplares, que abarcan las \u00e9pocas prehisp\u00e1nica colonial y moderna.<\/p>\n<p><strong>Horario de atenci\u00f3n para el p\u00fablico general:<\/strong><\/p>\n<p>Lunes a viernes, de 9:00 a. m. a 12:00 <\/p>\n\n<h2>Otras Colecciones<\/h2>\n<p>Nuestros acervos se enriquecen por medio de un programa activo de adquisiciones. A estas adquisiciones se suman varias donaciones importantes, que han convertido a nuestra biblioteca en una de las m\u00e1s importantes en Guatemala, en los campos de la arqueolog\u00eda, antropolog\u00eda e historia del arte.<\/p>\n<h3>Colecci\u00f3n Carlos Elmenhorst<\/h3>\n<p>El Sr. Carlos Elmenhorst fue un gran amante y conocedor de la arqueolog\u00eda, etnograf\u00eda e historia de Guatemala, y a lo largo de su vida reuni\u00f3 una importante biblioteca sobre estos temas. La colecci\u00f3n donada al Museo Popol Vuh incluye m\u00e1s de 250 vol\u00famenes relacionados con la arqueolog\u00eda y etnograf\u00eda de Am\u00e9rica Central. Esta colecci\u00f3n incluye un importante conjunto de monograf\u00edas escritas por investigadores de origen alem\u00e1n, publicadas entre fines del siglo XIX y a primera mitad del siglo XX.<\/p>\n<h3>Colecci\u00f3n James E. Brady<\/h3>\n<p>El Dr. James E. Brady, profesor en la Universidad Estatal de California, Los \u00c1ngeles, es un destacado arque\u00f3logo, que ha enfocado su carrera en el estudio de los usos de las cuevas en la antigua Mesoam\u00e9rica. La colecci\u00f3n donada por el Profesor Brady incluye m\u00e1s de 300 vol\u00famenes especializados sobre diversos temas de arqueolog\u00eda Maya.<\/p>\n<h3>Colecci\u00f3n Nicholas Hellmuth<\/h3>\n<p>La biblioteca del Museo Popol Vuh se form\u00f3 originalmente gracias al pr\u00e9stamo a largo plazo de la biblioteca del Dr. Nicholas Hellmuth, arque\u00f3logo que ha realizado importantes estudios sobre el arte Maya y sobre la aplicaci\u00f3n de t\u00e9cnicas digitales para la reproducci\u00f3n de objetos de arte prehisp\u00e1nico. Esta colecci\u00f3n incluye m\u00e1s de 900 vol\u00famenes enfocados en el arte y arqueolog\u00eda de Mesoam\u00e9rica.<\/p>\n\n","protected":false},"excerpt":{"rendered":"<p>La biblioteca se encuentra catalogada dentro del sistema electr\u00f3nico de la Biblioteca Ludwig von Mises, de la Universidad Francisco Marroqu\u00edn. Dentro de este sistema, encontrara varias opciones de busqueda, seleccione la casilla Popol Vuh y realice su consulta. Ingresar al Cat\u00e1logo digital La biblioteca del Museo Popol Vuh se especializa en la arqueolog\u00eda, antropolog\u00eda, historia&hellip;<\/p>\n","protected":false},"author":1,"featured_media":0,"parent":56,"menu_order":0,"comment_status":"closed","ping_status":"closed","template":"","meta":{"footnotes":""},"class_list":["post-60","page","type-page","status-publish","hentry"],"yoast_head":"<!-- This site is optimized with the Yoast SEO plugin v21.8 - https:\/\/yoast.com\/wordpress\/plugins\/seo\/ -->\n<title>Biblioteca - Museo Popol Vuh<\/title>\n<meta name=\"robots\" content=\"index, follow, max-snippet:-1, max-image-preview:large, max-video-preview:-1\" \/>\n<link rel=\"canonical\" href=\"https:\/\/popolvuh.ufm.edu\/investigacion\/biblioteca\/\" \/>\n<meta property=\"og:locale\" content=\"es_ES\" \/>\n<meta property=\"og:type\" content=\"article\" \/>\n<meta property=\"og:title\" content=\"Biblioteca - Museo Popol Vuh\" \/>\n<meta property=\"og:description\" content=\"La biblioteca se encuentra catalogada dentro del sistema electr\u00f3nico de la Biblioteca Ludwig von Mises, de la Universidad Francisco Marroqu\u00edn. Dentro de este sistema, encontrara varias opciones de busqueda, seleccione la casilla Popol Vuh y realice su consulta. Ingresar al Cat\u00e1logo digital La biblioteca del Museo Popol Vuh se especializa en la arqueolog\u00eda, antropolog\u00eda, historia&hellip;\" \/>\n<meta property=\"og:url\" content=\"https:\/\/popolvuh.ufm.edu\/investigacion\/biblioteca\/\" \/>\n<meta property=\"og:site_name\" content=\"Museo Popol Vuh\" \/>\n<meta property=\"article:publisher\" content=\"https:\/\/popolvuh.ufm.edu\/wp-content\/uploads\/2024\/04\/UFM-MUSEO-POPOL-VUH.png\" \/>\n<meta property=\"article:modified_time\" content=\"2025-12-09T14:14:43+00:00\" \/>\n<meta name=\"twitter:card\" content=\"summary_large_image\" \/>\n<meta name=\"twitter:label1\" content=\"Est. reading time\" \/>\n\t<meta name=\"twitter:data1\" content=\"2 minutos\" \/>\n<script type=\"application\/ld+json\" class=\"yoast-schema-graph\">{\"@context\":\"https:\/\/schema.org\",\"@graph\":[{\"@type\":\"WebPage\",\"@id\":\"https:\/\/popolvuh.ufm.edu\/investigacion\/biblioteca\/\",\"url\":\"https:\/\/popolvuh.ufm.edu\/investigacion\/biblioteca\/\",\"name\":\"Biblioteca - Museo Popol Vuh\",\"isPartOf\":{\"@id\":\"https:\/\/popolvuh.ufm.edu\/#website\"},\"datePublished\":\"2019-05-30T17:55:47+00:00\",\"dateModified\":\"2025-12-09T14:14:43+00:00\",\"breadcrumb\":{\"@id\":\"https:\/\/popolvuh.ufm.edu\/investigacion\/biblioteca\/#breadcrumb\"},\"inLanguage\":\"es\",\"potentialAction\":[{\"@type\":\"ReadAction\",\"target\":[\"https:\/\/popolvuh.ufm.edu\/investigacion\/biblioteca\/\"]}]},{\"@type\":\"BreadcrumbList\",\"@id\":\"https:\/\/popolvuh.ufm.edu\/investigacion\/biblioteca\/#breadcrumb\",\"itemListElement\":[{\"@type\":\"ListItem\",\"position\":1,\"name\":\"Inicio\",\"item\":\"https:\/\/popolvuh.ufm.edu\/\"},{\"@type\":\"ListItem\",\"position\":2,\"name\":\"Investigaci\u00f3n\",\"item\":\"https:\/\/popolvuh.ufm.edu\/investigacion\/\"},{\"@type\":\"ListItem\",\"position\":3,\"name\":\"Biblioteca\"}]},{\"@type\":\"WebSite\",\"@id\":\"https:\/\/popolvuh.ufm.edu\/#website\",\"url\":\"https:\/\/popolvuh.ufm.edu\/\",\"name\":\"Museo Popol Vuh\",\"description\":\"El Museo Popol Vuh ofrece al visitante un recorrido \u00fanico por la historia de Guatemala, ilustrada por medio de una de las mejores colecciones de arte prehisp\u00e1nico y colonial del pa\u00eds.\",\"publisher\":{\"@id\":\"https:\/\/popolvuh.ufm.edu\/#organization\"},\"potentialAction\":[{\"@type\":\"SearchAction\",\"target\":{\"@type\":\"EntryPoint\",\"urlTemplate\":\"https:\/\/popolvuh.ufm.edu\/?s={search_term_string}\"},\"query-input\":\"required name=search_term_string\"}],\"inLanguage\":\"es\"},{\"@type\":\"Organization\",\"@id\":\"https:\/\/popolvuh.ufm.edu\/#organization\",\"name\":\"Museo Popol Vuh\",\"url\":\"https:\/\/popolvuh.ufm.edu\/\",\"logo\":{\"@type\":\"ImageObject\",\"inLanguage\":\"es\",\"@id\":\"https:\/\/popolvuh.ufm.edu\/#\/schema\/logo\/image\/\",\"url\":\"https:\/\/popolvuh.ufm.edu\/wp-content\/uploads\/2024\/04\/UFM-MUSEO-POPOL-VUH.png\",\"contentUrl\":\"https:\/\/popolvuh.ufm.edu\/wp-content\/uploads\/2024\/04\/UFM-MUSEO-POPOL-VUH.png\",\"width\":200,\"height\":200,\"caption\":\"Museo Popol Vuh\"},\"image\":{\"@id\":\"https:\/\/popolvuh.ufm.edu\/#\/schema\/logo\/image\/\"},\"sameAs\":[\"https:\/\/popolvuh.ufm.edu\/wp-content\/uploads\/2024\/04\/UFM-MUSEO-POPOL-VUH.png\"]}]}<\/script>\n<!-- \/ Yoast SEO plugin. -->","yoast_head_json":{"title":"Biblioteca - Museo Popol Vuh","robots":{"index":"index","follow":"follow","max-snippet":"max-snippet:-1","max-image-preview":"max-image-preview:large","max-video-preview":"max-video-preview:-1"},"canonical":"https:\/\/popolvuh.ufm.edu\/investigacion\/biblioteca\/","og_locale":"es_ES","og_type":"article","og_title":"Biblioteca - Museo Popol Vuh","og_description":"La biblioteca se encuentra catalogada dentro del sistema electr\u00f3nico de la Biblioteca Ludwig von Mises, de la Universidad Francisco Marroqu\u00edn. Dentro de este sistema, encontrara varias opciones de busqueda, seleccione la casilla Popol Vuh y realice su consulta. Ingresar al Cat\u00e1logo digital La biblioteca del Museo Popol Vuh se especializa en la arqueolog\u00eda, antropolog\u00eda, historia&hellip;","og_url":"https:\/\/popolvuh.ufm.edu\/investigacion\/biblioteca\/","og_site_name":"Museo Popol Vuh","article_publisher":"https:\/\/popolvuh.ufm.edu\/wp-content\/uploads\/2024\/04\/UFM-MUSEO-POPOL-VUH.png","article_modified_time":"2025-12-09T14:14:43+00:00","twitter_card":"summary_large_image","twitter_misc":{"Est. reading time":"2 minutos"},"schema":{"@context":"https:\/\/schema.org","@graph":[{"@type":"WebPage","@id":"https:\/\/popolvuh.ufm.edu\/investigacion\/biblioteca\/","url":"https:\/\/popolvuh.ufm.edu\/investigacion\/biblioteca\/","name":"Biblioteca - Museo Popol Vuh","isPartOf":{"@id":"https:\/\/popolvuh.ufm.edu\/#website"},"datePublished":"2019-05-30T17:55:47+00:00","dateModified":"2025-12-09T14:14:43+00:00","breadcrumb":{"@id":"https:\/\/popolvuh.ufm.edu\/investigacion\/biblioteca\/#breadcrumb"},"inLanguage":"es","potentialAction":[{"@type":"ReadAction","target":["https:\/\/popolvuh.ufm.edu\/investigacion\/biblioteca\/"]}]},{"@type":"BreadcrumbList","@id":"https:\/\/popolvuh.ufm.edu\/investigacion\/biblioteca\/#breadcrumb","itemListElement":[{"@type":"ListItem","position":1,"name":"Inicio","item":"https:\/\/popolvuh.ufm.edu\/"},{"@type":"ListItem","position":2,"name":"Investigaci\u00f3n","item":"https:\/\/popolvuh.ufm.edu\/investigacion\/"},{"@type":"ListItem","position":3,"name":"Biblioteca"}]},{"@type":"WebSite","@id":"https:\/\/popolvuh.ufm.edu\/#website","url":"https:\/\/popolvuh.ufm.edu\/","name":"Museo Popol Vuh","description":"El Museo Popol Vuh ofrece al visitante un recorrido \u00fanico por la historia de Guatemala, ilustrada por medio de una de las mejores colecciones de arte prehisp\u00e1nico y colonial del pa\u00eds.","publisher":{"@id":"https:\/\/popolvuh.ufm.edu\/#organization"},"potentialAction":[{"@type":"SearchAction","target":{"@type":"EntryPoint","urlTemplate":"https:\/\/popolvuh.ufm.edu\/?s={search_term_string}"},"query-input":"required name=search_term_string"}],"inLanguage":"es"},{"@type":"Organization","@id":"https:\/\/popolvuh.ufm.edu\/#organization","name":"Museo Popol Vuh","url":"https:\/\/popolvuh.ufm.edu\/","logo":{"@type":"ImageObject","inLanguage":"es","@id":"https:\/\/popolvuh.ufm.edu\/#\/schema\/logo\/image\/","url":"https:\/\/popolvuh.ufm.edu\/wp-content\/uploads\/2024\/04\/UFM-MUSEO-POPOL-VUH.png","contentUrl":"https:\/\/popolvuh.ufm.edu\/wp-content\/uploads\/2024\/04\/UFM-MUSEO-POPOL-VUH.png","width":200,"height":200,"caption":"Museo Popol Vuh"},"image":{"@id":"https:\/\/popolvuh.ufm.edu\/#\/schema\/logo\/image\/"},"sameAs":["https:\/\/popolvuh.ufm.edu\/wp-content\/uploads\/2024\/04\/UFM-MUSEO-POPOL-VUH.png"]}]}},"_links":{"self":[{"href":"https:\/\/popolvuh.ufm.edu\/index.php?rest_route=\/wp\/v2\/pages\/60","targetHints":{"allow":["GET"]}}],"collection":[{"href":"https:\/\/popolvuh.ufm.edu\/index.php?rest_route=\/wp\/v2\/pages"}],"about":[{"href":"https:\/\/popolvuh.ufm.edu\/index.php?rest_route=\/wp\/v2\/types\/page"}],"author":[{"embeddable":true,"href":"https:\/\/popolvuh.ufm.edu\/index.php?rest_route=\/wp\/v2\/users\/1"}],"replies":[{"embeddable":true,"href":"https:\/\/popolvuh.ufm.edu\/index.php?rest_route=%2Fwp%2Fv2%2Fcomments&post=60"}],"version-history":[{"count":27,"href":"https:\/\/popolvuh.ufm.edu\/index.php?rest_route=\/wp\/v2\/pages\/60\/revisions"}],"predecessor-version":[{"id":17528,"href":"https:\/\/popolvuh.ufm.edu\/index.php?rest_route=\/wp\/v2\/pages\/60\/revisions\/17528"}],"up":[{"embeddable":true,"href":"https:\/\/popolvuh.ufm.edu\/index.php?rest_route=\/wp\/v2\/pages\/56"}],"wp:attachment":[{"href":"https:\/\/popolvuh.ufm.edu\/index.php?rest_route=%2Fwp%2Fv2%2Fmedia&parent=60"}],"curies":[{"name":"wp","href":"https:\/\/api.w.org\/{rel}","templated":true}]}}