{"id":58,"date":"2019-05-30T17:52:25","date_gmt":"2019-05-30T17:52:25","guid":{"rendered":"https:\/\/popolvuh.ufm.edu\/?page_id=58"},"modified":"2025-12-09T14:16:00","modified_gmt":"2025-12-09T14:16:00","slug":"proyectos-de-investigacion","status":"publish","type":"page","link":"https:\/\/popolvuh.ufm.edu\/?page_id=58","title":{"rendered":"Proyectos de Investigaci\u00f3n"},"content":{"rendered":"\n\n\t<p>El Museo Popol Vuh participa activamente en la investigaci\u00f3n arqueol\u00f3gica en Guatemala, apoyando el desarrollo de investigaciones relacionadas con los temas de sus colecciones, as\u00ed como otras investigaciones de inter\u00e9s. El museo abre sus puertas para todos los investigadores interesados en examinar y estudiar objetos de sus colecciones, y pone a su disposici\u00f3n los espacios necesarios. Los investigadores pueden utilizar los recursos bibliogr\u00e1ficos disponibles en la biblioteca del museo, y tambi\u00e9n ofrece su apoyo para la realizaci\u00f3n de trabajos de tesis a nivel universitario.<\/p>\n<p>Los investigadores interesados en aprovechar estas posibilidades deben comunicarse anticipadamente con el curador del museo.<\/p>\n<hr \/>\n<h2>Proyecto Atlas Epigr\u00e1fico de Pet\u00e9n<\/h2>\n<p>Desde el a\u00f1o 2014 el Museo Popol Vuh participa activamente con el Proyecto Atlas Epigr\u00e1fico de Pet\u00e9n. Dicho proyecto, financiado por la Universidad Estatal Rusa de Humanidades en Mosc\u00fa, ha recopilado y publicado un sin n\u00famero de textos jerogl\u00edficos mayas. <\/p>\n<hr \/>\n<h2>Programa de pr\u00e1cticas para arqueolog\u00eda<\/h2>\nEn nuestra labor de formadores y<br \/>\nfacilitadores de recursos para estudiantes, el Museo Popol<br \/>\nVuh contin\u00faa ofreciendo espacios para estudiantes e investigadores, quienes<br \/>\nparticipan activamente en los campos de restauraci\u00f3n, fotograf\u00eda, epigraf\u00eda,<br \/>\niconograf\u00eda, arqueolog\u00eda y creaci\u00f3n de bases de datos para museos. \n<hr \/>\n<h2>Seminario Internacional de Epigraf\u00eda Maya<\/h2>\n<p>Por tercer a\u00f1o consecutivo, el Museo Popol Vuh en colaboraci\u00f3n con otras instituciones, organiza un seminario avanzado en donde especialistas de todo el mundo discuten temas sobre el desciframiento de la escritura jerogl\u00edfica maya. Durante el evento del presente a\u00f1o se otorg\u00f3 un reconocimiento al Profesor Nikolai Grube de la Universidad de Bonn, Alemania, por sus importantes contribuciones a dicha especialidad. <\/p>\n<hr \/>\n<h2>Proyecto Arqueol\u00f3gico Cotzumalguapa<\/h2>\n<p> Durante los a\u00f1os 2000 a 2012, el Museo Popol Vuh copatrocin\u00f3 el Proyecto Arqueol\u00f3gico Cotzumalguapa, un proyecto de investigaci\u00f3n arqueol\u00f3gica de campo y laboratorio enfocado en una de las zonas arqueol\u00f3gicas m\u00e1s importantes de la costa pac\u00edfica de Guatemala. <\/p>\n<p>Dirigido por el Dr. Oswaldo Chinchilla, el proyecto se enfoca en la investigaci\u00f3n arqueol\u00f3gica y el estudio de la antigua Cotzumalguapa, una de las principales ciudades del per\u00edodo Cl\u00e1sico en el sur de Mesoam\u00e9rica. <\/p>\n<figure><img loading=\"lazy\" decoding=\"async\" src=\"https:\/\/popolvuh.ufm.edu\/wp-content\/uploads\/2019\/07\/Inv1.jpg\" alt=\"\" width=\"230\" height=\"343\"\/><\/figure>\n<p><strong>Reportes y Articulos en L\u00ednea<\/strong><\/p>\n<p>Se requiere Adobe Reader<\/p>\n<p>Erika Magali G\u00f3mez Gonz\u00e1lez<br \/><a href=\"https:\/\/popolvuh.ufm.edu\/wp-content\/uploads\/2019\/07\/Ofrendas_de_Cotzumalguapa_TesisFinalErikaMGomez-1-1.pdf\">Las Ofrendas de Cotzumalguapa, Guatemala, en el Cl\u00e1sico Tard\u00edo (650\/700-1000 d. C.)&nbsp;<\/a><br \/>Tesis de maestr\u00eda<\/p>\n<p>Margarita Cossich y Oswaldo Chinchilla&nbsp;<br \/>El Signo &#8220;Estrella&#8221; en el Arte y la Escritura de Cotzumalguapa&nbsp;<br \/>XIX Simposio de Investigaciones Arqueol\u00f3gicas de Guatemala, 2005.<\/p>\n<p>Margarita Cossich y Oswaldo Chinchilla&nbsp;<br \/>El Signo &#8220;Estrella&#8221; en el Arte y la Escritura de Cotzumalguapa&nbsp;<br \/>XIX Simposio de Investigaciones Arqueol\u00f3gicas de Guatemala, 2005.<\/p>\n<p>Oswaldo Chinchilla, et al.&nbsp;<br \/>Paisaje y Asentamientos en Cotzumalguapa&nbsp;<br \/>XIX Simposio de Investigaciones Arqueol\u00f3gicas de Guatemala, 2005.<\/p>\n<p>Oswaldo Chinchilla, et al.&nbsp;<br \/>Nuevas Investigaciones Geof\u00edsicas y Arqueol\u00f3igicas en Guatemala&nbsp;<br \/>XX Simposio de Investigaciones Arqueol\u00f3gicas de Guatemala, 2006.<\/p>\n<p>Proyecto arqueol\u00f3gico Residenciales Santa Luc\u00eda.<br \/>Investigaciones al oeste de la acr\u00f3polis de Bilbao, Cotzumalguapa. Guatemala (2009).<br \/><a href=\"https:\/\/popolvuh.ufm.edu\/wp-content\/uploads\/2019\/07\/Informerescate2007.pdf\">Informe Final Temporada 2009&nbsp;(2.51 MB)<\/a><\/p>\n<p>Proyecto arqueol\u00f3gico Cotzumalguapa, Informe de la temporada 2007, Guatemala (2007)<br \/><a href=\"https:\/\/popolvuh.ufm.edu\/wp-content\/uploads\/2019\/07\/InformeFinal2007.pdf\">Informe Temporada 2007 (1.44 MB)<\/a><\/p>\n<p>Proyecto arqueol\u00f3gico Cotzumalguapa, Informe de la temporada 2006, Guatemala (2006)<br \/><a href=\"https:\/\/popolvuh.ufm.edu\/wp-content\/uploads\/2019\/07\/InformeFinal2006.pdf\">Informe Temporada 2006 (2.25 MB)<\/a><\/p>\n<p>Oswaldo Chinchilla, et al.&nbsp;<br \/>Intercambio de Cer\u00e1mica a Larga Distancia en Cotzumalguapa: Resultados del An\u00e1lisis por Activaci\u00f3n de Neutrones&nbsp;<br \/>XVIII Simposio de Investigaciones Arqueol\u00f3gicas de Guatemala, 2005.<\/p>\n<p>S\u00e9bastien Perrot-Minot, et al.<br \/>Prospecci\u00f3n Geof\u00edsica en la zona de Cotzumalguapa: Resultados de la VI Escuela Centroamericana de Geof\u00edsica Aplicada.&nbsp;<br \/>XVIII Simposio de Investigaciones Arqueol\u00f3gicas de Guatemala, 2005.<\/p>\n<p>Oswaldo Chinchilla&nbsp;<br \/><a href=\"http:\/\/www.famsi.org\/reports\/02023\/\">Analysis of Archaeological Artifacts from Cotzumalhuapa, Guatemala.<\/a><br \/>Reporte presentado a FAMSI, 2003.<\/p>\n<p>Oswaldo Chinchilla y Edgar Carpio Rezzio<br \/>El Taller de Obsidiana de El Ba\u00fal, Zona Nuclear de Cotzumalguapa: Informe Preliminar<br \/>XVI Simposio de Investigaciones Arqueol\u00f3gicas en Guatemala, 2003.<\/p>\n<p>Oswaldo Chinchilla&nbsp;<br \/>Investigaciones por medio de Radar de Penetraci\u00f3n al Suelo (GPR) en la zona nuclear de Cotzumalguapa, Escuintla&nbsp;<br \/>XV Simposio de Investigaciones Arqueol\u00f3gicas en Guatemala, 2001.<\/p>\n<p>Jos\u00e9 Crasborn&nbsp;<br \/>Los Artefactos de Obsidiana de El Castillo, Santa Luc\u00eda Cotzumalguapa: Resultados Preliminares&nbsp;<br \/>XV Simposio de Investigaciones Arqueol\u00f3gicas en Guatemala, 2001.<\/p>\n<p>Oswaldo Chinchilla, et al.&nbsp;<br \/><a href=\"http:\/\/jsa.revues.org\/index1876.html\">Palo Verde: Un centro secundario en la zona de Cotzumalguapa, Guatemala<\/a>&nbsp;<br \/>Informe de Journal de la Soci\u00e9t\u00e9 des Am\u00e9ricanistes, 2001.<\/p>\n<p>Oswaldo Chinchilla&nbsp;<br \/><a href=\"http:\/\/www.famsi.org\/reports\/99053\/index.html\">Archaeological Research at Cotzumalhuapa, Guatemala<\/a><br \/>Reporte presentado a FAMSI, 2000.<\/p>\n<p>Oswaldo Chinchilla&nbsp;<br \/><a href=\"http:\/\/www.famsi.org\/reports\/96008\/index.html\">A Corpus of Cotzumalhuapa-Style Sculpture, Guatemala<\/a>&nbsp;<br \/>Reporte presentado a FAMSI, 1998.<\/p>\n<p>Oswaldo Chinchilla<br \/>Las Esculturas de Cotzumalguapa en el Museo Etnogr\u00e1fico de Berl\u00edn<br \/>X Simposio de Investigaciones Arqueol\u00f3gicas en Guatemala, 1997.<\/p>\n<p>Oswaldo Chinchilla<br \/>Un Puente Prehisp\u00e1nico en el \u00c1rea de Santa L\u00facia Cotzumalguapa<br \/>VIII Simposio de Investigaciones Arqueol\u00f3gicas en Guatemala, 1995.<\/p>\n<p>Alain Ichon et Jacques Cassier<br \/>D\u00e9couvertes R\u00e9centes a Bilbao, Escuintla (Guatemala)<br \/>Bulletin de la Soci\u00e9t\u00e9 Suisse des Am\u00e9ricanistes Online<\/p>\n<hr \/>\n<h2>El Vaso de las Estrellas<\/h2>\n<p>Dr. Oswaldo Chinchilla Mazariegos Museo Popol Vuh, Universidad Francisco Marroqu\u00edn<\/p>\n<p>Estudio iconogr\u00e1fico de un objeto sobresaliente de la colecci\u00f3n del Museo Popol Vuh, que revela detalles antes desconocidos sobre la cosmogon\u00eda y religi\u00f3n maya cl\u00e1sica.<\/p>\n<figure><img loading=\"lazy\" decoding=\"async\" src=\"https:\/\/popolvuh.ufm.edu\/wp-content\/uploads\/2019\/07\/Inv3-1.jpg\" alt=\"\" width=\"230\" height=\"216\" \/><\/figure>\n\n","protected":false},"excerpt":{"rendered":"<p>El Museo Popol Vuh participa activamente en la investigaci\u00f3n arqueol\u00f3gica en Guatemala, apoyando el desarrollo de investigaciones relacionadas con los temas de sus colecciones, as\u00ed como otras investigaciones de inter\u00e9s. El museo abre sus puertas para todos los investigadores interesados en examinar y estudiar objetos de sus colecciones, y pone a su disposici\u00f3n los espacios&hellip;<\/p>\n","protected":false},"author":1,"featured_media":0,"parent":56,"menu_order":0,"comment_status":"closed","ping_status":"closed","template":"","meta":{"footnotes":""},"class_list":["post-58","page","type-page","status-publish","hentry"],"yoast_head":"<!-- This site is optimized with the Yoast SEO plugin v21.8 - https:\/\/yoast.com\/wordpress\/plugins\/seo\/ -->\n<title>Proyectos de Investigaci\u00f3n - Museo Popol Vuh<\/title>\n<meta name=\"robots\" content=\"index, follow, max-snippet:-1, max-image-preview:large, max-video-preview:-1\" \/>\n<link rel=\"canonical\" href=\"https:\/\/popolvuh.ufm.edu\/investigacion\/proyectos-de-investigacion\/\" \/>\n<meta property=\"og:locale\" content=\"es_ES\" \/>\n<meta property=\"og:type\" content=\"article\" \/>\n<meta property=\"og:title\" content=\"Proyectos de Investigaci\u00f3n - Museo Popol Vuh\" \/>\n<meta property=\"og:description\" content=\"El Museo Popol Vuh participa activamente en la investigaci\u00f3n arqueol\u00f3gica en Guatemala, apoyando el desarrollo de investigaciones relacionadas con los temas de sus colecciones, as\u00ed como otras investigaciones de inter\u00e9s. El museo abre sus puertas para todos los investigadores interesados en examinar y estudiar objetos de sus colecciones, y pone a su disposici\u00f3n los espacios&hellip;\" \/>\n<meta property=\"og:url\" content=\"https:\/\/popolvuh.ufm.edu\/investigacion\/proyectos-de-investigacion\/\" \/>\n<meta property=\"og:site_name\" content=\"Museo Popol Vuh\" \/>\n<meta property=\"article:publisher\" content=\"https:\/\/popolvuh.ufm.edu\/wp-content\/uploads\/2024\/04\/UFM-MUSEO-POPOL-VUH.png\" \/>\n<meta property=\"article:modified_time\" content=\"2025-12-09T14:16:00+00:00\" \/>\n<meta property=\"og:image\" content=\"https:\/\/popolvuh.ufm.edu\/wp-content\/uploads\/2019\/07\/Inv1.jpg\" \/>\n<meta name=\"twitter:card\" content=\"summary_large_image\" \/>\n<meta name=\"twitter:label1\" content=\"Est. reading time\" \/>\n\t<meta name=\"twitter:data1\" content=\"4 minutos\" \/>\n<script type=\"application\/ld+json\" class=\"yoast-schema-graph\">{\"@context\":\"https:\/\/schema.org\",\"@graph\":[{\"@type\":\"WebPage\",\"@id\":\"https:\/\/popolvuh.ufm.edu\/investigacion\/proyectos-de-investigacion\/\",\"url\":\"https:\/\/popolvuh.ufm.edu\/investigacion\/proyectos-de-investigacion\/\",\"name\":\"Proyectos de Investigaci\u00f3n - Museo Popol Vuh\",\"isPartOf\":{\"@id\":\"https:\/\/popolvuh.ufm.edu\/#website\"},\"datePublished\":\"2019-05-30T17:52:25+00:00\",\"dateModified\":\"2025-12-09T14:16:00+00:00\",\"breadcrumb\":{\"@id\":\"https:\/\/popolvuh.ufm.edu\/investigacion\/proyectos-de-investigacion\/#breadcrumb\"},\"inLanguage\":\"es\",\"potentialAction\":[{\"@type\":\"ReadAction\",\"target\":[\"https:\/\/popolvuh.ufm.edu\/investigacion\/proyectos-de-investigacion\/\"]}]},{\"@type\":\"BreadcrumbList\",\"@id\":\"https:\/\/popolvuh.ufm.edu\/investigacion\/proyectos-de-investigacion\/#breadcrumb\",\"itemListElement\":[{\"@type\":\"ListItem\",\"position\":1,\"name\":\"Inicio\",\"item\":\"https:\/\/popolvuh.ufm.edu\/\"},{\"@type\":\"ListItem\",\"position\":2,\"name\":\"Investigaci\u00f3n\",\"item\":\"https:\/\/popolvuh.ufm.edu\/investigacion\/\"},{\"@type\":\"ListItem\",\"position\":3,\"name\":\"Proyectos de Investigaci\u00f3n\"}]},{\"@type\":\"WebSite\",\"@id\":\"https:\/\/popolvuh.ufm.edu\/#website\",\"url\":\"https:\/\/popolvuh.ufm.edu\/\",\"name\":\"Museo Popol Vuh\",\"description\":\"El Museo Popol Vuh ofrece al visitante un recorrido \u00fanico por la historia de Guatemala, ilustrada por medio de una de las mejores colecciones de arte prehisp\u00e1nico y colonial del pa\u00eds.\",\"publisher\":{\"@id\":\"https:\/\/popolvuh.ufm.edu\/#organization\"},\"potentialAction\":[{\"@type\":\"SearchAction\",\"target\":{\"@type\":\"EntryPoint\",\"urlTemplate\":\"https:\/\/popolvuh.ufm.edu\/?s={search_term_string}\"},\"query-input\":\"required name=search_term_string\"}],\"inLanguage\":\"es\"},{\"@type\":\"Organization\",\"@id\":\"https:\/\/popolvuh.ufm.edu\/#organization\",\"name\":\"Museo Popol Vuh\",\"url\":\"https:\/\/popolvuh.ufm.edu\/\",\"logo\":{\"@type\":\"ImageObject\",\"inLanguage\":\"es\",\"@id\":\"https:\/\/popolvuh.ufm.edu\/#\/schema\/logo\/image\/\",\"url\":\"https:\/\/popolvuh.ufm.edu\/wp-content\/uploads\/2024\/04\/UFM-MUSEO-POPOL-VUH.png\",\"contentUrl\":\"https:\/\/popolvuh.ufm.edu\/wp-content\/uploads\/2024\/04\/UFM-MUSEO-POPOL-VUH.png\",\"width\":200,\"height\":200,\"caption\":\"Museo Popol Vuh\"},\"image\":{\"@id\":\"https:\/\/popolvuh.ufm.edu\/#\/schema\/logo\/image\/\"},\"sameAs\":[\"https:\/\/popolvuh.ufm.edu\/wp-content\/uploads\/2024\/04\/UFM-MUSEO-POPOL-VUH.png\"]}]}<\/script>\n<!-- \/ Yoast SEO plugin. -->","yoast_head_json":{"title":"Proyectos de Investigaci\u00f3n - Museo Popol Vuh","robots":{"index":"index","follow":"follow","max-snippet":"max-snippet:-1","max-image-preview":"max-image-preview:large","max-video-preview":"max-video-preview:-1"},"canonical":"https:\/\/popolvuh.ufm.edu\/investigacion\/proyectos-de-investigacion\/","og_locale":"es_ES","og_type":"article","og_title":"Proyectos de Investigaci\u00f3n - Museo Popol Vuh","og_description":"El Museo Popol Vuh participa activamente en la investigaci\u00f3n arqueol\u00f3gica en Guatemala, apoyando el desarrollo de investigaciones relacionadas con los temas de sus colecciones, as\u00ed como otras investigaciones de inter\u00e9s. El museo abre sus puertas para todos los investigadores interesados en examinar y estudiar objetos de sus colecciones, y pone a su disposici\u00f3n los espacios&hellip;","og_url":"https:\/\/popolvuh.ufm.edu\/investigacion\/proyectos-de-investigacion\/","og_site_name":"Museo Popol Vuh","article_publisher":"https:\/\/popolvuh.ufm.edu\/wp-content\/uploads\/2024\/04\/UFM-MUSEO-POPOL-VUH.png","article_modified_time":"2025-12-09T14:16:00+00:00","og_image":[{"url":"https:\/\/popolvuh.ufm.edu\/wp-content\/uploads\/2019\/07\/Inv1.jpg"}],"twitter_card":"summary_large_image","twitter_misc":{"Est. reading time":"4 minutos"},"schema":{"@context":"https:\/\/schema.org","@graph":[{"@type":"WebPage","@id":"https:\/\/popolvuh.ufm.edu\/investigacion\/proyectos-de-investigacion\/","url":"https:\/\/popolvuh.ufm.edu\/investigacion\/proyectos-de-investigacion\/","name":"Proyectos de Investigaci\u00f3n - Museo Popol Vuh","isPartOf":{"@id":"https:\/\/popolvuh.ufm.edu\/#website"},"datePublished":"2019-05-30T17:52:25+00:00","dateModified":"2025-12-09T14:16:00+00:00","breadcrumb":{"@id":"https:\/\/popolvuh.ufm.edu\/investigacion\/proyectos-de-investigacion\/#breadcrumb"},"inLanguage":"es","potentialAction":[{"@type":"ReadAction","target":["https:\/\/popolvuh.ufm.edu\/investigacion\/proyectos-de-investigacion\/"]}]},{"@type":"BreadcrumbList","@id":"https:\/\/popolvuh.ufm.edu\/investigacion\/proyectos-de-investigacion\/#breadcrumb","itemListElement":[{"@type":"ListItem","position":1,"name":"Inicio","item":"https:\/\/popolvuh.ufm.edu\/"},{"@type":"ListItem","position":2,"name":"Investigaci\u00f3n","item":"https:\/\/popolvuh.ufm.edu\/investigacion\/"},{"@type":"ListItem","position":3,"name":"Proyectos de Investigaci\u00f3n"}]},{"@type":"WebSite","@id":"https:\/\/popolvuh.ufm.edu\/#website","url":"https:\/\/popolvuh.ufm.edu\/","name":"Museo Popol Vuh","description":"El Museo Popol Vuh ofrece al visitante un recorrido \u00fanico por la historia de Guatemala, ilustrada por medio de una de las mejores colecciones de arte prehisp\u00e1nico y colonial del pa\u00eds.","publisher":{"@id":"https:\/\/popolvuh.ufm.edu\/#organization"},"potentialAction":[{"@type":"SearchAction","target":{"@type":"EntryPoint","urlTemplate":"https:\/\/popolvuh.ufm.edu\/?s={search_term_string}"},"query-input":"required name=search_term_string"}],"inLanguage":"es"},{"@type":"Organization","@id":"https:\/\/popolvuh.ufm.edu\/#organization","name":"Museo Popol Vuh","url":"https:\/\/popolvuh.ufm.edu\/","logo":{"@type":"ImageObject","inLanguage":"es","@id":"https:\/\/popolvuh.ufm.edu\/#\/schema\/logo\/image\/","url":"https:\/\/popolvuh.ufm.edu\/wp-content\/uploads\/2024\/04\/UFM-MUSEO-POPOL-VUH.png","contentUrl":"https:\/\/popolvuh.ufm.edu\/wp-content\/uploads\/2024\/04\/UFM-MUSEO-POPOL-VUH.png","width":200,"height":200,"caption":"Museo Popol Vuh"},"image":{"@id":"https:\/\/popolvuh.ufm.edu\/#\/schema\/logo\/image\/"},"sameAs":["https:\/\/popolvuh.ufm.edu\/wp-content\/uploads\/2024\/04\/UFM-MUSEO-POPOL-VUH.png"]}]}},"_links":{"self":[{"href":"https:\/\/popolvuh.ufm.edu\/index.php?rest_route=\/wp\/v2\/pages\/58","targetHints":{"allow":["GET"]}}],"collection":[{"href":"https:\/\/popolvuh.ufm.edu\/index.php?rest_route=\/wp\/v2\/pages"}],"about":[{"href":"https:\/\/popolvuh.ufm.edu\/index.php?rest_route=\/wp\/v2\/types\/page"}],"author":[{"embeddable":true,"href":"https:\/\/popolvuh.ufm.edu\/index.php?rest_route=\/wp\/v2\/users\/1"}],"replies":[{"embeddable":true,"href":"https:\/\/popolvuh.ufm.edu\/index.php?rest_route=%2Fwp%2Fv2%2Fcomments&post=58"}],"version-history":[{"count":19,"href":"https:\/\/popolvuh.ufm.edu\/index.php?rest_route=\/wp\/v2\/pages\/58\/revisions"}],"predecessor-version":[{"id":17534,"href":"https:\/\/popolvuh.ufm.edu\/index.php?rest_route=\/wp\/v2\/pages\/58\/revisions\/17534"}],"up":[{"embeddable":true,"href":"https:\/\/popolvuh.ufm.edu\/index.php?rest_route=\/wp\/v2\/pages\/56"}],"wp:attachment":[{"href":"https:\/\/popolvuh.ufm.edu\/index.php?rest_route=%2Fwp%2Fv2%2Fmedia&parent=58"}],"curies":[{"name":"wp","href":"https:\/\/api.w.org\/{rel}","templated":true}]}}