{"id":33,"date":"2019-05-30T17:19:57","date_gmt":"2019-05-30T17:19:57","guid":{"rendered":"https:\/\/popolvuh.ufm.edu\/?page_id=33"},"modified":"2025-12-09T14:04:30","modified_gmt":"2025-12-09T14:04:30","slug":"patrocinios","status":"publish","type":"page","link":"https:\/\/popolvuh.ufm.edu\/?page_id=33","title":{"rendered":"Patrocinios"},"content":{"rendered":"\n\n\t<p>El programa de Patrocinios Corporativos est\u00e1 dirigido a compa\u00f1\u00edas l\u00edderes de la industria, comercio y finanzas en Guatemala. Las empresas pueden optar por patrocinar por un a\u00f1o calendario una de las ocho salas del \u00e1rea de exhibiciones del Museo. Este programa corporativo representa una excelente oportunidad para destacar y reconocer p\u00fablicamente a trav\u00e9s de los medios de comunicaci\u00f3n el compromiso que las empresas tienen por la conservaci\u00f3n y divulgaci\u00f3n del rico patrimonio cultural de Guatemala. En este a\u00f1o las empresas que ayudan al Museo son: Pepsi\/CBC, Pollo Campero y Corporaci\u00f3n Multi Inversiones. <\/p>\n<p><strong>Agradecemos a nuestros Patrocinadores Corporativos 2019<\/strong><\/p>\n<section id=\"uagb-columns-d1251362-c765-4ef9-9e48-11e53b067363\">\n<p><img loading=\"lazy\" decoding=\"async\" src=\"https:\/\/popolvuh.ufm.edu\/wp-content\/uploads\/2019\/08\/Imagen-9.png\" alt=\"\" width=\"260\" height=\"106\"\/><\/p>\n<figure><img loading=\"lazy\" decoding=\"async\" src=\"https:\/\/popolvuh.ufm.edu\/wp-content\/uploads\/2019\/08\/campero.png\" alt=\"\" width=\"260\" height=\"96\"\/><\/figure>\n\n<p><img loading=\"lazy\" decoding=\"async\" src=\"https:\/\/popolvuh.ufm.edu\/wp-content\/uploads\/2019\/08\/logo-cmi-300x101.png\" alt=\"\" width=\"300\" height=\"101\" \/><\/p>\n<\/section>\n<hr \/>\n<h2>Beneficios para los ejecutivos y empleados de los Patrocinadores Corporativos<\/h2>\n<p>El programa de Patrocinios Corporativos tambi\u00e9n ofrece una amplia variedad de beneficios para los ejecutivos y los empleados de las empresas que participan<\/p>\n<ul>\n<li>Opci\u00f3n de patrocinar las visitas de grupos de estudiantes de escuelas p\u00fablicas con quien la empresa tiene relaci\u00f3n.<\/li>\n<li>Visita gratis para el personal de la empresa patrocinadora (30 entradas gratis).<\/li>\n<li>Dos visitas para visitantes distinguidos de la empresa guiadas en ingl\u00e9s o espa\u00f1ol.<\/li>\n<li>Descuento del 10% en la compra de libros y publicaciones del museo.<\/li>\n<li>Un descuento del 20% para el personal de la empresa en cursos y seminarios del museo.<\/li>\n<\/ul>\n<p>La activa participaci\u00f3n y colaboraci\u00f3n de las Empresas Pilares permiten que el Museo cumpla con su labor de educar, investigar, rescatar y divulgar el pasado cultural de todos los guatemaltecos.<\/p>\n<hr \/>\n<h2>Beneficios Corporativos<\/h2>\n<p>Durante todo el a\u00f1o, el Museo organiza actividades y genera material que tienen cobertura a trav\u00e9s de los medios de comunicaci\u00f3n para destacar la labor de los Patrocinios Corporativos:<\/p>\n<ul>\n<li>Evento de entrega de la Orden del Pop y Premio Huun para la Prensa Arqueol\u00f3gica y celebraci\u00f3n del Simposio anual de Investigaciones Arqueol\u00f3gicas en Guatemala.<\/li>\n<li>Una conferencia ofrecida por un experto en el tema de la Sala que la empresa patrocina.<\/li>\n<li>Acceso a fotograf\u00edas de piezas de su sala para uso en campa\u00f1as publicitarias.<\/li>\n<\/ul>\n<p>Adem\u00e1s, el nombre de la empresa figura en un r\u00f3tulo permanente colocado a la entrada de las Salas de Exhibici\u00f3n.<\/p>\n\n","protected":false},"excerpt":{"rendered":"<p>El programa de Patrocinios Corporativos est\u00e1 dirigido a compa\u00f1\u00edas l\u00edderes de la industria, comercio y finanzas en Guatemala. Las empresas pueden optar por patrocinar por un a\u00f1o calendario una de las ocho salas del \u00e1rea de exhibiciones del Museo. Este programa corporativo representa una excelente oportunidad para destacar y reconocer p\u00fablicamente a trav\u00e9s de los&hellip;<\/p>\n","protected":false},"author":1,"featured_media":0,"parent":25,"menu_order":0,"comment_status":"closed","ping_status":"closed","template":"","meta":{"footnotes":""},"class_list":["post-33","page","type-page","status-publish","hentry"],"yoast_head":"<!-- This site is optimized with the Yoast SEO plugin v21.8 - https:\/\/yoast.com\/wordpress\/plugins\/seo\/ -->\n<title>Patrocinios - Museo Popol Vuh<\/title>\n<meta name=\"robots\" content=\"index, follow, max-snippet:-1, max-image-preview:large, max-video-preview:-1\" \/>\n<link rel=\"canonical\" href=\"https:\/\/popolvuh.ufm.edu\/el-museo\/patrocinios\/\" \/>\n<meta property=\"og:locale\" content=\"es_ES\" \/>\n<meta property=\"og:type\" content=\"article\" \/>\n<meta property=\"og:title\" content=\"Patrocinios - Museo Popol Vuh\" \/>\n<meta property=\"og:description\" content=\"El programa de Patrocinios Corporativos est\u00e1 dirigido a compa\u00f1\u00edas l\u00edderes de la industria, comercio y finanzas en Guatemala. Las empresas pueden optar por patrocinar por un a\u00f1o calendario una de las ocho salas del \u00e1rea de exhibiciones del Museo. Este programa corporativo representa una excelente oportunidad para destacar y reconocer p\u00fablicamente a trav\u00e9s de los&hellip;\" \/>\n<meta property=\"og:url\" content=\"https:\/\/popolvuh.ufm.edu\/el-museo\/patrocinios\/\" \/>\n<meta property=\"og:site_name\" content=\"Museo Popol Vuh\" \/>\n<meta property=\"article:publisher\" content=\"https:\/\/popolvuh.ufm.edu\/wp-content\/uploads\/2024\/04\/UFM-MUSEO-POPOL-VUH.png\" \/>\n<meta property=\"article:modified_time\" content=\"2025-12-09T14:04:30+00:00\" \/>\n<meta property=\"og:image\" content=\"https:\/\/popolvuh.ufm.edu\/wp-content\/uploads\/2019\/08\/Imagen-9.png\" \/>\n<meta name=\"twitter:card\" content=\"summary_large_image\" \/>\n<meta name=\"twitter:label1\" content=\"Est. reading time\" \/>\n\t<meta name=\"twitter:data1\" content=\"2 minutos\" \/>\n<script type=\"application\/ld+json\" class=\"yoast-schema-graph\">{\"@context\":\"https:\/\/schema.org\",\"@graph\":[{\"@type\":\"WebPage\",\"@id\":\"https:\/\/popolvuh.ufm.edu\/el-museo\/patrocinios\/\",\"url\":\"https:\/\/popolvuh.ufm.edu\/el-museo\/patrocinios\/\",\"name\":\"Patrocinios - Museo Popol Vuh\",\"isPartOf\":{\"@id\":\"https:\/\/popolvuh.ufm.edu\/#website\"},\"datePublished\":\"2019-05-30T17:19:57+00:00\",\"dateModified\":\"2025-12-09T14:04:30+00:00\",\"breadcrumb\":{\"@id\":\"https:\/\/popolvuh.ufm.edu\/el-museo\/patrocinios\/#breadcrumb\"},\"inLanguage\":\"es\",\"potentialAction\":[{\"@type\":\"ReadAction\",\"target\":[\"https:\/\/popolvuh.ufm.edu\/el-museo\/patrocinios\/\"]}]},{\"@type\":\"BreadcrumbList\",\"@id\":\"https:\/\/popolvuh.ufm.edu\/el-museo\/patrocinios\/#breadcrumb\",\"itemListElement\":[{\"@type\":\"ListItem\",\"position\":1,\"name\":\"Inicio\",\"item\":\"https:\/\/popolvuh.ufm.edu\/\"},{\"@type\":\"ListItem\",\"position\":2,\"name\":\"El museo\",\"item\":\"https:\/\/popolvuh.ufm.edu\/el-museo\/\"},{\"@type\":\"ListItem\",\"position\":3,\"name\":\"Patrocinios\"}]},{\"@type\":\"WebSite\",\"@id\":\"https:\/\/popolvuh.ufm.edu\/#website\",\"url\":\"https:\/\/popolvuh.ufm.edu\/\",\"name\":\"Museo Popol Vuh\",\"description\":\"El Museo Popol Vuh ofrece al visitante un recorrido \u00fanico por la historia de Guatemala, ilustrada por medio de una de las mejores colecciones de arte prehisp\u00e1nico y colonial del pa\u00eds.\",\"publisher\":{\"@id\":\"https:\/\/popolvuh.ufm.edu\/#organization\"},\"potentialAction\":[{\"@type\":\"SearchAction\",\"target\":{\"@type\":\"EntryPoint\",\"urlTemplate\":\"https:\/\/popolvuh.ufm.edu\/?s={search_term_string}\"},\"query-input\":\"required name=search_term_string\"}],\"inLanguage\":\"es\"},{\"@type\":\"Organization\",\"@id\":\"https:\/\/popolvuh.ufm.edu\/#organization\",\"name\":\"Museo Popol Vuh\",\"url\":\"https:\/\/popolvuh.ufm.edu\/\",\"logo\":{\"@type\":\"ImageObject\",\"inLanguage\":\"es\",\"@id\":\"https:\/\/popolvuh.ufm.edu\/#\/schema\/logo\/image\/\",\"url\":\"https:\/\/popolvuh.ufm.edu\/wp-content\/uploads\/2024\/04\/UFM-MUSEO-POPOL-VUH.png\",\"contentUrl\":\"https:\/\/popolvuh.ufm.edu\/wp-content\/uploads\/2024\/04\/UFM-MUSEO-POPOL-VUH.png\",\"width\":200,\"height\":200,\"caption\":\"Museo Popol Vuh\"},\"image\":{\"@id\":\"https:\/\/popolvuh.ufm.edu\/#\/schema\/logo\/image\/\"},\"sameAs\":[\"https:\/\/popolvuh.ufm.edu\/wp-content\/uploads\/2024\/04\/UFM-MUSEO-POPOL-VUH.png\"]}]}<\/script>\n<!-- \/ Yoast SEO plugin. -->","yoast_head_json":{"title":"Patrocinios - Museo Popol Vuh","robots":{"index":"index","follow":"follow","max-snippet":"max-snippet:-1","max-image-preview":"max-image-preview:large","max-video-preview":"max-video-preview:-1"},"canonical":"https:\/\/popolvuh.ufm.edu\/el-museo\/patrocinios\/","og_locale":"es_ES","og_type":"article","og_title":"Patrocinios - Museo Popol Vuh","og_description":"El programa de Patrocinios Corporativos est\u00e1 dirigido a compa\u00f1\u00edas l\u00edderes de la industria, comercio y finanzas en Guatemala. Las empresas pueden optar por patrocinar por un a\u00f1o calendario una de las ocho salas del \u00e1rea de exhibiciones del Museo. Este programa corporativo representa una excelente oportunidad para destacar y reconocer p\u00fablicamente a trav\u00e9s de los&hellip;","og_url":"https:\/\/popolvuh.ufm.edu\/el-museo\/patrocinios\/","og_site_name":"Museo Popol Vuh","article_publisher":"https:\/\/popolvuh.ufm.edu\/wp-content\/uploads\/2024\/04\/UFM-MUSEO-POPOL-VUH.png","article_modified_time":"2025-12-09T14:04:30+00:00","og_image":[{"url":"https:\/\/popolvuh.ufm.edu\/wp-content\/uploads\/2019\/08\/Imagen-9.png"}],"twitter_card":"summary_large_image","twitter_misc":{"Est. reading time":"2 minutos"},"schema":{"@context":"https:\/\/schema.org","@graph":[{"@type":"WebPage","@id":"https:\/\/popolvuh.ufm.edu\/el-museo\/patrocinios\/","url":"https:\/\/popolvuh.ufm.edu\/el-museo\/patrocinios\/","name":"Patrocinios - Museo Popol Vuh","isPartOf":{"@id":"https:\/\/popolvuh.ufm.edu\/#website"},"datePublished":"2019-05-30T17:19:57+00:00","dateModified":"2025-12-09T14:04:30+00:00","breadcrumb":{"@id":"https:\/\/popolvuh.ufm.edu\/el-museo\/patrocinios\/#breadcrumb"},"inLanguage":"es","potentialAction":[{"@type":"ReadAction","target":["https:\/\/popolvuh.ufm.edu\/el-museo\/patrocinios\/"]}]},{"@type":"BreadcrumbList","@id":"https:\/\/popolvuh.ufm.edu\/el-museo\/patrocinios\/#breadcrumb","itemListElement":[{"@type":"ListItem","position":1,"name":"Inicio","item":"https:\/\/popolvuh.ufm.edu\/"},{"@type":"ListItem","position":2,"name":"El museo","item":"https:\/\/popolvuh.ufm.edu\/el-museo\/"},{"@type":"ListItem","position":3,"name":"Patrocinios"}]},{"@type":"WebSite","@id":"https:\/\/popolvuh.ufm.edu\/#website","url":"https:\/\/popolvuh.ufm.edu\/","name":"Museo Popol Vuh","description":"El Museo Popol Vuh ofrece al visitante un recorrido \u00fanico por la historia de Guatemala, ilustrada por medio de una de las mejores colecciones de arte prehisp\u00e1nico y colonial del pa\u00eds.","publisher":{"@id":"https:\/\/popolvuh.ufm.edu\/#organization"},"potentialAction":[{"@type":"SearchAction","target":{"@type":"EntryPoint","urlTemplate":"https:\/\/popolvuh.ufm.edu\/?s={search_term_string}"},"query-input":"required name=search_term_string"}],"inLanguage":"es"},{"@type":"Organization","@id":"https:\/\/popolvuh.ufm.edu\/#organization","name":"Museo Popol Vuh","url":"https:\/\/popolvuh.ufm.edu\/","logo":{"@type":"ImageObject","inLanguage":"es","@id":"https:\/\/popolvuh.ufm.edu\/#\/schema\/logo\/image\/","url":"https:\/\/popolvuh.ufm.edu\/wp-content\/uploads\/2024\/04\/UFM-MUSEO-POPOL-VUH.png","contentUrl":"https:\/\/popolvuh.ufm.edu\/wp-content\/uploads\/2024\/04\/UFM-MUSEO-POPOL-VUH.png","width":200,"height":200,"caption":"Museo Popol Vuh"},"image":{"@id":"https:\/\/popolvuh.ufm.edu\/#\/schema\/logo\/image\/"},"sameAs":["https:\/\/popolvuh.ufm.edu\/wp-content\/uploads\/2024\/04\/UFM-MUSEO-POPOL-VUH.png"]}]}},"_links":{"self":[{"href":"https:\/\/popolvuh.ufm.edu\/index.php?rest_route=\/wp\/v2\/pages\/33","targetHints":{"allow":["GET"]}}],"collection":[{"href":"https:\/\/popolvuh.ufm.edu\/index.php?rest_route=\/wp\/v2\/pages"}],"about":[{"href":"https:\/\/popolvuh.ufm.edu\/index.php?rest_route=\/wp\/v2\/types\/page"}],"author":[{"embeddable":true,"href":"https:\/\/popolvuh.ufm.edu\/index.php?rest_route=\/wp\/v2\/users\/1"}],"replies":[{"embeddable":true,"href":"https:\/\/popolvuh.ufm.edu\/index.php?rest_route=%2Fwp%2Fv2%2Fcomments&post=33"}],"version-history":[{"count":16,"href":"https:\/\/popolvuh.ufm.edu\/index.php?rest_route=\/wp\/v2\/pages\/33\/revisions"}],"predecessor-version":[{"id":17521,"href":"https:\/\/popolvuh.ufm.edu\/index.php?rest_route=\/wp\/v2\/pages\/33\/revisions\/17521"}],"up":[{"embeddable":true,"href":"https:\/\/popolvuh.ufm.edu\/index.php?rest_route=\/wp\/v2\/pages\/25"}],"wp:attachment":[{"href":"https:\/\/popolvuh.ufm.edu\/index.php?rest_route=%2Fwp%2Fv2%2Fmedia&parent=33"}],"curies":[{"name":"wp","href":"https:\/\/api.w.org\/{rel}","templated":true}]}}