{"id":31,"date":"2019-05-30T17:19:12","date_gmt":"2019-05-30T17:19:12","guid":{"rendered":"https:\/\/popolvuh.ufm.edu\/?page_id=31"},"modified":"2025-12-09T14:00:39","modified_gmt":"2025-12-09T14:00:39","slug":"el-popol-vuh","status":"publish","type":"page","link":"https:\/\/popolvuh.ufm.edu\/?page_id=31","title":{"rendered":"El Popol Vuh"},"content":{"rendered":"\r\n\r\n\t<p>El Museo Popol Vuh toma su nombre del Popol Vuh, uno de los textos m\u00e1s importantes de la literatura ind\u00edgena del Nuevo Mundo. Escrito en el altiplano occidental de Guatemala hacia 1550, el Popol Vuh re\u00fane un conjunto de mitos y relatos hist\u00f3ricos, de gran importancia para el estudio de los pueblos ind\u00edgenas de Guatemala. Se desconocen los nombres de sus autores, pero hay indicaciones de que fue escrito por miembros prominentes de la nobleza del reino quich\u00e9, que dominaba una extensa regi\u00f3n del altiplano guatemalteco en la \u00e9poca de la conquista espa\u00f1ola. Escrito en un estilo po\u00e9tico esmerado, es tambi\u00e9n una obra magistral en t\u00e9rminos literarios.<\/p>\r\n<p>El Popol Vuh presenta una versi\u00f3n mitol\u00f3gica de la creaci\u00f3n del mundo, seguida por un relato de las aventuras de los dioses gemelos, Hunahp\u00fa y Xbalanqu\u00e9, en tiempos primordiales, anteriores a la creaci\u00f3n del ser humano. Los triunfos de los h\u00e9roes en contra de las fuerzas primordiales y los dioses de la muerte dan lugar a la creaci\u00f3n del hombre a partir del ma\u00edz. La segunda parte del texto se concentra en los or\u00edgenes de los linajes gobernantes del reino quich\u00e9, su migraci\u00f3n hacia el altiplano de Guatemala, su conquista del territorio, el establecimiento de su ciudad principal y la historia de sus reyes hasta la conquista espa\u00f1ola.<\/p>\r\n<p>El texto original del siglo XVI se ha perdido. Se sabe que estaba escrito en idioma quich\u00e9, pero utilizando el alfabeto espa\u00f1ol. Al principio y al final del libro, los autores mencionaron que lo escrib\u00edan porque ya no era posible ver un libro llamado Popol Vuh, que exist\u00eda antiguamente. Se ha especulado mucho sobre la naturaleza de este libro, que debi\u00f3 existir antes de la conquista espa\u00f1ola. Es probable que haya sido un manuscrito pict\u00f3rico similar a los c\u00f3dices postcl\u00e1sicos que se conocen en el centro de M\u00e9xico.<\/p>\r\n<p>El texto m\u00e1s antiguo que se conserva del Popol Vuh es una transcripci\u00f3n del texto quich\u00e9 hecha a principios del siglo XVIII por el fraile dominico Francisco Xim\u00e9nez, que tambi\u00e9n hizo la primera traducci\u00f3n conocida al espa\u00f1ol. Xim\u00e9nez present\u00f3 en doble columna el texto quich\u00e9 junto a la versi\u00f3n espa\u00f1ola, y lo titul\u00f3&nbsp;<strong>&#8220;Empiezan las Historias del Origen de los Indios de esta Provincia de Guatemala&#8221;<\/strong>. Este manuscrito se encuentra en la colecci\u00f3n Ayer de la Biblioteca Newberry de la ciudad de Chicago. Fue extra\u00eddo de la biblioteca de la Universidad Nacional de Guatemala por el abate franc\u00e9s Charles Etienne Brasseur de Bourbourg, quien lo public\u00f3 por primera vez en forma completa en 1861. Desde entonces, se han realizado numerosas ediciones y traducciones.<\/p>\r\n<p>La palabra Popol Vuh significa literalmente &#8220;libro de la estera&#8221;. Entre los pueblos mesoamericanos, las esteras o petates eran s\u00edmbolos de la autoridad y el poder de los reyes. Eran utilizadas como asientos para los gobernantes, cortesanos de alto rango y cabezas de linajes. Por esta raz\u00f3n, el t\u00edtulo del libro se ha traducido como&nbsp;<strong>&#8220;Libro del Consejo&#8221;<\/strong>.<\/p>\r\n<p>Los relatos del Popol Vuh est\u00e1n estrechamente relacionados con otros textos mitol\u00f3gicos recopilados a principios de la \u00e9poca colonial, as\u00ed como con muchas tradiciones orales que se conservan hasta el presente en las comunidades ind\u00edgenas de Guatemala y otras partes de Mesoam\u00e9rica. En d\u00e9cadas recientes se ha demostrado que tambi\u00e9n encuentran paralelos cercanos en el arte maya cl\u00e1sico. En particular, las escenas pintadas sobre la cer\u00e1mica policroma del per\u00edodo cl\u00e1sico en las tierras bajas mayas presentan figuras de dioses y escenas mitol\u00f3gicas relacionadas con los mitos del Popol Vuh. El Museo Popol Vuh guarda un conjunto importante de tales escenas, pintadas 800 a\u00f1os antes de la redacci\u00f3n del texto que hoy conocemos y contamos con una copia facs\u00edmil que fue donada en 2017 por la Biblioteca Newberry de Chicago y que actualmente puede apreciarse en nuestra exhibici\u00f3n. <\/p>\r\n<hr \/>\r\n<ul>\r\n<li>\r\n<figure><img decoding=\"async\" src=\"https:\/\/popolvuh.ufm.edu\/wp-content\/uploads\/2020\/01\/PAGINA_POPOLVUH_300px.jpg\" alt=\"\" data-id=\"1707\" data-link=\"https:\/\/popolvuh.ufm.edu\/el-museo\/el-popol-vuh\/pagina_popolvuh_300px\/\"\/><figcaption>Primer p\u00e1gina del Popol Vuh.<\/figcaption><\/figure>\r\n<\/li>\r\n<li>\r\n<figure><img decoding=\"async\" src=\"https:\/\/popolvuh.ufm.edu\/wp-content\/uploads\/2020\/01\/POPOLVUH_DONACION_300px.jpg\" alt=\"\" data-id=\"1708\" data-link=\"https:\/\/popolvuh.ufm.edu\/el-museo\/el-popol-vuh\/popolvuh_donacion_300px\/\"\/><figcaption>Donaci\u00f3n del facs\u00edmil <br \/>del Popol Vuh.<\/figcaption><\/figure>\r\n<\/li>\r\n<\/ul>\r\n<hr \/>\r\n<h3><strong>Principales ediciones del Popol Vuh  y otras referencias importantes  <\/strong><\/h3>\r\n<p>Acu\u00f1a, Ren\u00e9 1998 Temas del Popol Vuh. M\u00e9xico: Universidad Nacional Aut\u00f3noma de M\u00e9xico.<\/p>\r\n<p>Akkeren, Ruud van 2003 Authors of the Popol Vuh. Ancient Mesoamerica 14: 237-256.<\/p>\r\n<p>Brasseur de Bourbourg, Charles \u00c9tienne 1861 Popol Vuh: Le livre sacr\u00e9 et les mythes de l&#8217;antiquit\u00e9 americaine. Paris: A. Bertrand.<\/p>\r\n<p>Carmack, Robert M. 1973 Quichean civilization: the ethnohistoric, ethnographic, and archaeological sources. Berkeley: University of California Press.<\/p>\r\n<p>Carmack, Robert M., y Francisco Morales Santos 1983 Nuevas Perspectivas sobre el Popol Vuh. Guatemala: Editorial Piedra Santa.<\/p>\r\n<p>Christenson, Allen J. 2003 Popol Vuh: The sacrd book of the Maya. Winchester, Inglaterra: O Books.<\/p>\r\n<p>Colop, Sam 1999 Popol Vuh: Versi\u00f3n Po\u00e9tica K&#8217;iche&#8217;. Guatemala: Editorial Cholsamaj.<\/p>\r\n<p>Edmonson, Munro S. 1971 The Book of the Counsel: The Popol Vuh of the Quich\u00e9 Maya of Guatemala. Middle American Research Institute, Publication 35. New Orleans: Tulane University.<\/p>\r\n<p>Estrada Monroy, Agust\u00edn 1973&nbsp;Popol Vuh: Empiezan las Historias del Origen de los Indios de esta Provincia de Guatemala.&nbsp;Guatemala: Editorial Jos\u00e9 de Pineda Ibarra. Edici\u00f3n facsimilar del 8manuscrito de fray Francisco Xim\u00e9nez.<\/p>\r\n<p>Girard, Rafael 1948 Esoterismo del Popol Vuh. M\u00e9xico: Editores Mexicanos Unidos.<\/p>\r\n<p>Himelblau, Jack J. 1989 Quiche Worlds in Creation. Culver City, California: Labyrinthos.<\/p>\r\n<p>Recinos, Adri\u00e1n 1947 Popol Vuh: Las antiguas historias del Quich\u00e9. M\u00e9xico, D.F.: Fondo de Cultura Econ\u00f3mica.<\/p>\r\n<p>1950 Popol Vuh. Traducci\u00f3n al ingl\u00e9s de Delia Goetz y Sylvanus G. Morley. Norman: University of Oklahoma Press.<\/p>\r\n<p>Schultze-Jena, Leonhard 1944 Pool Vuh: Das heilige Buch der Quich\u00e9 Indianer von Guatemala. Stuttgart.<\/p>\r\n<p>Tedlock, Dennis 1985 Popol Vuh: The Maya Book of the Dawn of Life. New Yok: Simon and Schuster.<\/p>\r\n<hr \/>\r\n<h3><strong>Recursos sobre el Popol Vuh en Internet<\/strong><\/h3>\r\n<p>Texto del Popol Vuh, traducci\u00f3n al ingl\u00e9s por Allen Christenson <a href=\"http:\/\/www.mesoweb.com\/publications\/Christenson\/index.html\">http:\/\/www.mesoweb.com\/publications\/Christenson\/index.html<\/a><\/p>\r\n<p>Edici\u00f3n facsimilar del Popol Vuh, The Ohio State University Libraries&nbsp;<br \/><a href=\"http:\/\/library.osu.edu\/sites\/popolwuj\/\">http:\/\/library.osu.edu\/sites\/popolwuj\/<\/a><\/p>\r\n<p>Texto del Popol Vuh, seg\u00fan la traducci\u00f3n al espa\u00f1ol de Adri\u00e1n Recinos <a href=\"http:\/\/www.literaturaguatemalteca.org\/popol.html\">http:\/\/www.literaturaguatemalteca.org\/popol.html<\/a><\/p>\r\n<p>Esotericism of the Popol Vuh (Traducci\u00f3n al ingl\u00e9s del libro de Raphael Girard) <a href=\"http:\/\/www.theosociety.org\/pasadena\/popolvuh\/pv-hp.htm\">http:\/\/www.theosociety.org\/pasadena\/popolvuh\/pv-hp.htm<\/a><\/p>\r\n\r\n","protected":false},"excerpt":{"rendered":"<p>El Museo Popol Vuh toma su nombre del Popol Vuh, uno de los textos m\u00e1s importantes de la literatura ind\u00edgena del Nuevo Mundo. Escrito en el altiplano occidental de Guatemala hacia 1550, el Popol Vuh re\u00fane un conjunto de mitos y relatos hist\u00f3ricos, de gran importancia para el estudio de los pueblos ind\u00edgenas de Guatemala.&hellip;<\/p>\n","protected":false},"author":1,"featured_media":0,"parent":25,"menu_order":0,"comment_status":"closed","ping_status":"closed","template":"","meta":{"footnotes":""},"class_list":["post-31","page","type-page","status-publish","hentry"],"yoast_head":"<!-- This site is optimized with the Yoast SEO plugin v21.8 - https:\/\/yoast.com\/wordpress\/plugins\/seo\/ -->\n<title>El Popol Vuh - Museo Popol Vuh<\/title>\n<meta name=\"robots\" content=\"index, follow, max-snippet:-1, max-image-preview:large, max-video-preview:-1\" \/>\n<link rel=\"canonical\" href=\"https:\/\/popolvuh.ufm.edu\/el-museo\/el-popol-vuh\/\" \/>\n<meta property=\"og:locale\" content=\"es_ES\" \/>\n<meta property=\"og:type\" content=\"article\" \/>\n<meta property=\"og:title\" content=\"El Popol Vuh - Museo Popol Vuh\" \/>\n<meta property=\"og:description\" content=\"El Museo Popol Vuh toma su nombre del Popol Vuh, uno de los textos m\u00e1s importantes de la literatura ind\u00edgena del Nuevo Mundo. Escrito en el altiplano occidental de Guatemala hacia 1550, el Popol Vuh re\u00fane un conjunto de mitos y relatos hist\u00f3ricos, de gran importancia para el estudio de los pueblos ind\u00edgenas de Guatemala.&hellip;\" \/>\n<meta property=\"og:url\" content=\"https:\/\/popolvuh.ufm.edu\/el-museo\/el-popol-vuh\/\" \/>\n<meta property=\"og:site_name\" content=\"Museo Popol Vuh\" \/>\n<meta property=\"article:publisher\" content=\"https:\/\/popolvuh.ufm.edu\/wp-content\/uploads\/2024\/04\/UFM-MUSEO-POPOL-VUH.png\" \/>\n<meta property=\"article:modified_time\" content=\"2025-12-09T14:00:39+00:00\" \/>\n<meta property=\"og:image\" content=\"https:\/\/popolvuh.ufm.edu\/wp-content\/uploads\/2020\/01\/PAGINA_POPOLVUH_300px.jpg\" \/>\n<meta name=\"twitter:card\" content=\"summary_large_image\" \/>\n<meta name=\"twitter:label1\" content=\"Est. reading time\" \/>\n\t<meta name=\"twitter:data1\" content=\"5 minutos\" \/>\n<script type=\"application\/ld+json\" class=\"yoast-schema-graph\">{\"@context\":\"https:\/\/schema.org\",\"@graph\":[{\"@type\":\"WebPage\",\"@id\":\"https:\/\/popolvuh.ufm.edu\/el-museo\/el-popol-vuh\/\",\"url\":\"https:\/\/popolvuh.ufm.edu\/el-museo\/el-popol-vuh\/\",\"name\":\"El Popol Vuh - Museo Popol Vuh\",\"isPartOf\":{\"@id\":\"https:\/\/popolvuh.ufm.edu\/#website\"},\"datePublished\":\"2019-05-30T17:19:12+00:00\",\"dateModified\":\"2025-12-09T14:00:39+00:00\",\"breadcrumb\":{\"@id\":\"https:\/\/popolvuh.ufm.edu\/el-museo\/el-popol-vuh\/#breadcrumb\"},\"inLanguage\":\"es\",\"potentialAction\":[{\"@type\":\"ReadAction\",\"target\":[\"https:\/\/popolvuh.ufm.edu\/el-museo\/el-popol-vuh\/\"]}]},{\"@type\":\"BreadcrumbList\",\"@id\":\"https:\/\/popolvuh.ufm.edu\/el-museo\/el-popol-vuh\/#breadcrumb\",\"itemListElement\":[{\"@type\":\"ListItem\",\"position\":1,\"name\":\"Inicio\",\"item\":\"https:\/\/popolvuh.ufm.edu\/\"},{\"@type\":\"ListItem\",\"position\":2,\"name\":\"El museo\",\"item\":\"https:\/\/popolvuh.ufm.edu\/el-museo\/\"},{\"@type\":\"ListItem\",\"position\":3,\"name\":\"El Popol Vuh\"}]},{\"@type\":\"WebSite\",\"@id\":\"https:\/\/popolvuh.ufm.edu\/#website\",\"url\":\"https:\/\/popolvuh.ufm.edu\/\",\"name\":\"Museo Popol Vuh\",\"description\":\"El Museo Popol Vuh ofrece al visitante un recorrido \u00fanico por la historia de Guatemala, ilustrada por medio de una de las mejores colecciones de arte prehisp\u00e1nico y colonial del pa\u00eds.\",\"publisher\":{\"@id\":\"https:\/\/popolvuh.ufm.edu\/#organization\"},\"potentialAction\":[{\"@type\":\"SearchAction\",\"target\":{\"@type\":\"EntryPoint\",\"urlTemplate\":\"https:\/\/popolvuh.ufm.edu\/?s={search_term_string}\"},\"query-input\":\"required name=search_term_string\"}],\"inLanguage\":\"es\"},{\"@type\":\"Organization\",\"@id\":\"https:\/\/popolvuh.ufm.edu\/#organization\",\"name\":\"Museo Popol Vuh\",\"url\":\"https:\/\/popolvuh.ufm.edu\/\",\"logo\":{\"@type\":\"ImageObject\",\"inLanguage\":\"es\",\"@id\":\"https:\/\/popolvuh.ufm.edu\/#\/schema\/logo\/image\/\",\"url\":\"https:\/\/popolvuh.ufm.edu\/wp-content\/uploads\/2024\/04\/UFM-MUSEO-POPOL-VUH.png\",\"contentUrl\":\"https:\/\/popolvuh.ufm.edu\/wp-content\/uploads\/2024\/04\/UFM-MUSEO-POPOL-VUH.png\",\"width\":200,\"height\":200,\"caption\":\"Museo Popol Vuh\"},\"image\":{\"@id\":\"https:\/\/popolvuh.ufm.edu\/#\/schema\/logo\/image\/\"},\"sameAs\":[\"https:\/\/popolvuh.ufm.edu\/wp-content\/uploads\/2024\/04\/UFM-MUSEO-POPOL-VUH.png\"]}]}<\/script>\n<!-- \/ Yoast SEO plugin. -->","yoast_head_json":{"title":"El Popol Vuh - Museo Popol Vuh","robots":{"index":"index","follow":"follow","max-snippet":"max-snippet:-1","max-image-preview":"max-image-preview:large","max-video-preview":"max-video-preview:-1"},"canonical":"https:\/\/popolvuh.ufm.edu\/el-museo\/el-popol-vuh\/","og_locale":"es_ES","og_type":"article","og_title":"El Popol Vuh - Museo Popol Vuh","og_description":"El Museo Popol Vuh toma su nombre del Popol Vuh, uno de los textos m\u00e1s importantes de la literatura ind\u00edgena del Nuevo Mundo. Escrito en el altiplano occidental de Guatemala hacia 1550, el Popol Vuh re\u00fane un conjunto de mitos y relatos hist\u00f3ricos, de gran importancia para el estudio de los pueblos ind\u00edgenas de Guatemala.&hellip;","og_url":"https:\/\/popolvuh.ufm.edu\/el-museo\/el-popol-vuh\/","og_site_name":"Museo Popol Vuh","article_publisher":"https:\/\/popolvuh.ufm.edu\/wp-content\/uploads\/2024\/04\/UFM-MUSEO-POPOL-VUH.png","article_modified_time":"2025-12-09T14:00:39+00:00","og_image":[{"url":"https:\/\/popolvuh.ufm.edu\/wp-content\/uploads\/2020\/01\/PAGINA_POPOLVUH_300px.jpg"}],"twitter_card":"summary_large_image","twitter_misc":{"Est. reading time":"5 minutos"},"schema":{"@context":"https:\/\/schema.org","@graph":[{"@type":"WebPage","@id":"https:\/\/popolvuh.ufm.edu\/el-museo\/el-popol-vuh\/","url":"https:\/\/popolvuh.ufm.edu\/el-museo\/el-popol-vuh\/","name":"El Popol Vuh - Museo Popol Vuh","isPartOf":{"@id":"https:\/\/popolvuh.ufm.edu\/#website"},"datePublished":"2019-05-30T17:19:12+00:00","dateModified":"2025-12-09T14:00:39+00:00","breadcrumb":{"@id":"https:\/\/popolvuh.ufm.edu\/el-museo\/el-popol-vuh\/#breadcrumb"},"inLanguage":"es","potentialAction":[{"@type":"ReadAction","target":["https:\/\/popolvuh.ufm.edu\/el-museo\/el-popol-vuh\/"]}]},{"@type":"BreadcrumbList","@id":"https:\/\/popolvuh.ufm.edu\/el-museo\/el-popol-vuh\/#breadcrumb","itemListElement":[{"@type":"ListItem","position":1,"name":"Inicio","item":"https:\/\/popolvuh.ufm.edu\/"},{"@type":"ListItem","position":2,"name":"El museo","item":"https:\/\/popolvuh.ufm.edu\/el-museo\/"},{"@type":"ListItem","position":3,"name":"El Popol Vuh"}]},{"@type":"WebSite","@id":"https:\/\/popolvuh.ufm.edu\/#website","url":"https:\/\/popolvuh.ufm.edu\/","name":"Museo Popol Vuh","description":"El Museo Popol Vuh ofrece al visitante un recorrido \u00fanico por la historia de Guatemala, ilustrada por medio de una de las mejores colecciones de arte prehisp\u00e1nico y colonial del pa\u00eds.","publisher":{"@id":"https:\/\/popolvuh.ufm.edu\/#organization"},"potentialAction":[{"@type":"SearchAction","target":{"@type":"EntryPoint","urlTemplate":"https:\/\/popolvuh.ufm.edu\/?s={search_term_string}"},"query-input":"required name=search_term_string"}],"inLanguage":"es"},{"@type":"Organization","@id":"https:\/\/popolvuh.ufm.edu\/#organization","name":"Museo Popol Vuh","url":"https:\/\/popolvuh.ufm.edu\/","logo":{"@type":"ImageObject","inLanguage":"es","@id":"https:\/\/popolvuh.ufm.edu\/#\/schema\/logo\/image\/","url":"https:\/\/popolvuh.ufm.edu\/wp-content\/uploads\/2024\/04\/UFM-MUSEO-POPOL-VUH.png","contentUrl":"https:\/\/popolvuh.ufm.edu\/wp-content\/uploads\/2024\/04\/UFM-MUSEO-POPOL-VUH.png","width":200,"height":200,"caption":"Museo Popol Vuh"},"image":{"@id":"https:\/\/popolvuh.ufm.edu\/#\/schema\/logo\/image\/"},"sameAs":["https:\/\/popolvuh.ufm.edu\/wp-content\/uploads\/2024\/04\/UFM-MUSEO-POPOL-VUH.png"]}]}},"_links":{"self":[{"href":"https:\/\/popolvuh.ufm.edu\/index.php?rest_route=\/wp\/v2\/pages\/31","targetHints":{"allow":["GET"]}}],"collection":[{"href":"https:\/\/popolvuh.ufm.edu\/index.php?rest_route=\/wp\/v2\/pages"}],"about":[{"href":"https:\/\/popolvuh.ufm.edu\/index.php?rest_route=\/wp\/v2\/types\/page"}],"author":[{"embeddable":true,"href":"https:\/\/popolvuh.ufm.edu\/index.php?rest_route=\/wp\/v2\/users\/1"}],"replies":[{"embeddable":true,"href":"https:\/\/popolvuh.ufm.edu\/index.php?rest_route=%2Fwp%2Fv2%2Fcomments&post=31"}],"version-history":[{"count":31,"href":"https:\/\/popolvuh.ufm.edu\/index.php?rest_route=\/wp\/v2\/pages\/31\/revisions"}],"predecessor-version":[{"id":17517,"href":"https:\/\/popolvuh.ufm.edu\/index.php?rest_route=\/wp\/v2\/pages\/31\/revisions\/17517"}],"up":[{"embeddable":true,"href":"https:\/\/popolvuh.ufm.edu\/index.php?rest_route=\/wp\/v2\/pages\/25"}],"wp:attachment":[{"href":"https:\/\/popolvuh.ufm.edu\/index.php?rest_route=%2Fwp%2Fv2%2Fmedia&parent=31"}],"curies":[{"name":"wp","href":"https:\/\/api.w.org\/{rel}","templated":true}]}}