{"id":29,"date":"2019-05-30T17:18:47","date_gmt":"2019-05-30T17:18:47","guid":{"rendered":"https:\/\/popolvuh.ufm.edu\/?page_id=29"},"modified":"2025-12-09T14:03:35","modified_gmt":"2025-12-09T14:03:35","slug":"historia","status":"publish","type":"page","link":"https:\/\/popolvuh.ufm.edu\/?page_id=29","title":{"rendered":"Historia"},"content":{"rendered":"\n\n\t<p>El Museo Popol Vuh fue fundado en 1977 por Jorge y Ella Castillo, a partir de su colecci\u00f3n privada de objetos arqueol\u00f3gicos y coloniales. Ya desde los a\u00f1os sesenta, la colecci\u00f3n Castillo se consideraba como una de las mejores en Guatemala, y varios objetos de la misma hab\u00edan participado en exhibiciones internacionales sobre el arte prehisp\u00e1nico de Guatemala. En 1978, los se\u00f1ores Castillo donaron su colecci\u00f3n a la&nbsp;<a href=\"http:\/\/www.ufm.edu\/\">Universidad Francisco Marroqu\u00edn<\/a>, con el objeto de establecer formalmente el museo, que se instal\u00f3 en la avenida Reforma y 16 calle, zona 10, ciudad de Guatemala. Tres a\u00f1os despu\u00e9s, se traslad\u00f3 al edificio Galer\u00edas Reforma, Zona 9 de la misma ciudad, donde permaneci\u00f3 16 a\u00f1os. A lo largo de este per\u00edodo, la colecci\u00f3n creci\u00f3 por medio de varias donaciones particulares, a la vez que se hicieron los primeros esfuerzos de catalogaci\u00f3n, restauraci\u00f3n y conservaci\u00f3n de los materiales.<\/p>\n<p>Las instalaciones actuales abrieron sus puertas en 1997, dentro del complejo cultural de la Universidad Francisco Marroqu\u00edn, que incluye el Museo Ixchel del Traje Ind\u00edgena y el Auditorio Juan Bautista Guti\u00e9rrez. Paralelamente, el museo ha desarrollado un programa de actividades docentes dirigidas a escolares de todos los niveles, que busca estimular el inter\u00e9s de la juventud hacia el pasado prehisp\u00e1nico y colonial de Guatemala. Este programa se ha convertido en una de las principales actividades extra-aula en los programas de estudios sociales e historia de Guatemala.<\/p>\n<figure>\n<figure><img decoding=\"async\" src=\"https:\/\/popolvuh.ufm.edu\/wp-content\/uploads\/2020\/01\/Firma_300px-1.jpg\" alt=\"\"\/><figcaption> Jorge y Ella Castillo firman el acta de donaci\u00f3n para la Universidad Francisco Marroqu\u00edn.  <\/figcaption><\/figure>\n<figure><img decoding=\"async\" src=\"https:\/\/popolvuh.ufm.edu\/wp-content\/uploads\/2020\/01\/FACHADA_MPV_300PX.jpg\" alt=\"\"\/><figcaption>Instalaciones del Museo Popol Vuh.<\/figcaption><\/figure>\n<\/figure>\n<p>En a\u00f1os recientes, el Museo Popol Vuh ha tomado participaci\u00f3n activa en la vida cultural de Guatemala. En 1998 se cre\u00f3 la Orden del Pop, que el museo entrega anualmente a personas que han dedicado tiempo y esfuerzo significativo al estudio, conservaci\u00f3n y divulgaci\u00f3n del patrimonio cultural de Guatemala. En el a\u00f1o 2003, se cre\u00f3 el Premio Huun para la prensa arqueol\u00f3gica de Guatemala, que se entrega anualmente al mejor reportaje sobre un tema arqueol\u00f3gico publicado en la prensa escrita del pa\u00eds. Con esto, el museo busca estimular la participaci\u00f3n activa de la prensa en la divulgaci\u00f3n de temas relacionados con la arqueolog\u00eda de Guatemala. <\/p>\n<p>El museo se ha convertido un promotor y part\u00edcipe de las investigaciones arqueol\u00f3gicas en Guatemala. De 1999 a 2012, patrocin\u00f3 investigaciones arqueol\u00f3gicas de campo en la zona de Santa Luc\u00eda Cotzumalguapa, en la costa sur de Guatemala, as\u00ed como el an\u00e1lisis de los materiales recuperados en las excavaciones dirigidas por el Dr. Oswaldo Chinchilla. El museo colabor\u00f3 con la organizaci\u00f3n del Coloquio Guatemalteco de Arte Rupestre, contribuyendo as\u00ed al conocimiento de uno de los aspectos menos conocidos del patrimonio arqueol\u00f3gico de Guatemala. Actualmente colabora en la organizaci\u00f3n de los Seminarios Internacionales de Epigraf\u00eda Maya en Guatemala y colabora directamente con el Proyecto Atlas Epigr\u00e1fico de Pet\u00e9n, dirigido por el Dr. Dmitri Beliaev. A la vez, el museo presta apoyo a numerosos investigadores, profesionales y estudiantes, interesados en estudiar objetos de sus colecciones. <\/p>\n<p>En a\u00f1os recientes, el Museo Popol Vuh ha participado en las exhibiciones m\u00e1s importantes de arte prehisp\u00e1nico y colonial de Guatemala. En forma permanente, mantiene programas de conservaci\u00f3n preventiva de los objetos de su colecci\u00f3n, y se proyecta al p\u00fablico por medio de conferencias y cursos libres. La exhibici\u00f3n permanente es una de las mejores en su g\u00e9nero en Guatemala. Peri\u00f3dicamente se realizan exhibiciones especiales, respaldadas por investigaciones s\u00f3lidas sobre aspectos espec\u00edficos de la colecci\u00f3n. Adem\u00e1s, el museo cuenta con un programa permanente de escaneos y elaboraci\u00f3n de modelos 3D de objetos prehisp\u00e1nicos, convirtiendose en el primer museo en Guatemala en ofrecer dicha tecnolog\u00eda al visitante. La visita al Museo Popol Vuh es indispensable para todos los interesados en la arqueolog\u00eda maya y el arte prehisp\u00e1nico y colonial de Guatemala. <\/p>\n<figure>\n<figure><img decoding=\"async\" src=\"https:\/\/popolvuh.ufm.edu\/wp-content\/uploads\/2020\/01\/CAMILO_300px.jpg\" alt=\"\"\/><figcaption>Camilo Luin, curador del Museo Popol Vuh durante una temporada de campo.<\/figcaption><\/figure>\n<figure><img decoding=\"async\" src=\"https:\/\/popolvuh.ufm.edu\/wp-content\/uploads\/2020\/01\/MUSEOSCANS_300px.jpg\" alt=\"\"\/><figcaption>Investigadores de la Universidad de Los \u00c1ngeles realizan escaneados de algunos monumentos. <\/figcaption><\/figure>\n<\/figure>\n\n\n","protected":false},"excerpt":{"rendered":"<p>El Museo Popol Vuh fue fundado en 1977 por Jorge y Ella Castillo, a partir de su colecci\u00f3n privada de objetos arqueol\u00f3gicos y coloniales. Ya desde los a\u00f1os sesenta, la colecci\u00f3n Castillo se consideraba como una de las mejores en Guatemala, y varios objetos de la misma hab\u00edan participado en exhibiciones internacionales sobre el arte&hellip;<\/p>\n","protected":false},"author":1,"featured_media":0,"parent":25,"menu_order":0,"comment_status":"closed","ping_status":"closed","template":"","meta":{"footnotes":""},"class_list":["post-29","page","type-page","status-publish","hentry"],"yoast_head":"<!-- This site is optimized with the Yoast SEO plugin v21.8 - https:\/\/yoast.com\/wordpress\/plugins\/seo\/ -->\n<title>Historia - Museo Popol Vuh<\/title>\n<meta name=\"robots\" content=\"index, follow, max-snippet:-1, max-image-preview:large, max-video-preview:-1\" \/>\n<link rel=\"canonical\" href=\"https:\/\/popolvuh.ufm.edu\/el-museo\/historia\/\" \/>\n<meta property=\"og:locale\" content=\"es_ES\" \/>\n<meta property=\"og:type\" content=\"article\" \/>\n<meta property=\"og:title\" content=\"Historia - Museo Popol Vuh\" \/>\n<meta property=\"og:description\" content=\"El Museo Popol Vuh fue fundado en 1977 por Jorge y Ella Castillo, a partir de su colecci\u00f3n privada de objetos arqueol\u00f3gicos y coloniales. Ya desde los a\u00f1os sesenta, la colecci\u00f3n Castillo se consideraba como una de las mejores en Guatemala, y varios objetos de la misma hab\u00edan participado en exhibiciones internacionales sobre el arte&hellip;\" \/>\n<meta property=\"og:url\" content=\"https:\/\/popolvuh.ufm.edu\/el-museo\/historia\/\" \/>\n<meta property=\"og:site_name\" content=\"Museo Popol Vuh\" \/>\n<meta property=\"article:publisher\" content=\"https:\/\/popolvuh.ufm.edu\/wp-content\/uploads\/2024\/04\/UFM-MUSEO-POPOL-VUH.png\" \/>\n<meta property=\"article:modified_time\" content=\"2025-12-09T14:03:35+00:00\" \/>\n<meta property=\"og:image\" content=\"https:\/\/popolvuh.ufm.edu\/wp-content\/uploads\/2020\/01\/Firma_300px-1.jpg\" \/>\n<meta name=\"twitter:card\" content=\"summary_large_image\" \/>\n<meta name=\"twitter:label1\" content=\"Est. reading time\" \/>\n\t<meta name=\"twitter:data1\" content=\"4 minutos\" \/>\n<script type=\"application\/ld+json\" class=\"yoast-schema-graph\">{\"@context\":\"https:\/\/schema.org\",\"@graph\":[{\"@type\":\"WebPage\",\"@id\":\"https:\/\/popolvuh.ufm.edu\/el-museo\/historia\/\",\"url\":\"https:\/\/popolvuh.ufm.edu\/el-museo\/historia\/\",\"name\":\"Historia - Museo Popol Vuh\",\"isPartOf\":{\"@id\":\"https:\/\/popolvuh.ufm.edu\/#website\"},\"datePublished\":\"2019-05-30T17:18:47+00:00\",\"dateModified\":\"2025-12-09T14:03:35+00:00\",\"breadcrumb\":{\"@id\":\"https:\/\/popolvuh.ufm.edu\/el-museo\/historia\/#breadcrumb\"},\"inLanguage\":\"es\",\"potentialAction\":[{\"@type\":\"ReadAction\",\"target\":[\"https:\/\/popolvuh.ufm.edu\/el-museo\/historia\/\"]}]},{\"@type\":\"BreadcrumbList\",\"@id\":\"https:\/\/popolvuh.ufm.edu\/el-museo\/historia\/#breadcrumb\",\"itemListElement\":[{\"@type\":\"ListItem\",\"position\":1,\"name\":\"Inicio\",\"item\":\"https:\/\/popolvuh.ufm.edu\/\"},{\"@type\":\"ListItem\",\"position\":2,\"name\":\"El museo\",\"item\":\"https:\/\/popolvuh.ufm.edu\/el-museo\/\"},{\"@type\":\"ListItem\",\"position\":3,\"name\":\"Historia\"}]},{\"@type\":\"WebSite\",\"@id\":\"https:\/\/popolvuh.ufm.edu\/#website\",\"url\":\"https:\/\/popolvuh.ufm.edu\/\",\"name\":\"Museo Popol Vuh\",\"description\":\"El Museo Popol Vuh ofrece al visitante un recorrido \u00fanico por la historia de Guatemala, ilustrada por medio de una de las mejores colecciones de arte prehisp\u00e1nico y colonial del pa\u00eds.\",\"publisher\":{\"@id\":\"https:\/\/popolvuh.ufm.edu\/#organization\"},\"potentialAction\":[{\"@type\":\"SearchAction\",\"target\":{\"@type\":\"EntryPoint\",\"urlTemplate\":\"https:\/\/popolvuh.ufm.edu\/?s={search_term_string}\"},\"query-input\":\"required name=search_term_string\"}],\"inLanguage\":\"es\"},{\"@type\":\"Organization\",\"@id\":\"https:\/\/popolvuh.ufm.edu\/#organization\",\"name\":\"Museo Popol Vuh\",\"url\":\"https:\/\/popolvuh.ufm.edu\/\",\"logo\":{\"@type\":\"ImageObject\",\"inLanguage\":\"es\",\"@id\":\"https:\/\/popolvuh.ufm.edu\/#\/schema\/logo\/image\/\",\"url\":\"https:\/\/popolvuh.ufm.edu\/wp-content\/uploads\/2024\/04\/UFM-MUSEO-POPOL-VUH.png\",\"contentUrl\":\"https:\/\/popolvuh.ufm.edu\/wp-content\/uploads\/2024\/04\/UFM-MUSEO-POPOL-VUH.png\",\"width\":200,\"height\":200,\"caption\":\"Museo Popol Vuh\"},\"image\":{\"@id\":\"https:\/\/popolvuh.ufm.edu\/#\/schema\/logo\/image\/\"},\"sameAs\":[\"https:\/\/popolvuh.ufm.edu\/wp-content\/uploads\/2024\/04\/UFM-MUSEO-POPOL-VUH.png\"]}]}<\/script>\n<!-- \/ Yoast SEO plugin. -->","yoast_head_json":{"title":"Historia - Museo Popol Vuh","robots":{"index":"index","follow":"follow","max-snippet":"max-snippet:-1","max-image-preview":"max-image-preview:large","max-video-preview":"max-video-preview:-1"},"canonical":"https:\/\/popolvuh.ufm.edu\/el-museo\/historia\/","og_locale":"es_ES","og_type":"article","og_title":"Historia - Museo Popol Vuh","og_description":"El Museo Popol Vuh fue fundado en 1977 por Jorge y Ella Castillo, a partir de su colecci\u00f3n privada de objetos arqueol\u00f3gicos y coloniales. Ya desde los a\u00f1os sesenta, la colecci\u00f3n Castillo se consideraba como una de las mejores en Guatemala, y varios objetos de la misma hab\u00edan participado en exhibiciones internacionales sobre el arte&hellip;","og_url":"https:\/\/popolvuh.ufm.edu\/el-museo\/historia\/","og_site_name":"Museo Popol Vuh","article_publisher":"https:\/\/popolvuh.ufm.edu\/wp-content\/uploads\/2024\/04\/UFM-MUSEO-POPOL-VUH.png","article_modified_time":"2025-12-09T14:03:35+00:00","og_image":[{"url":"https:\/\/popolvuh.ufm.edu\/wp-content\/uploads\/2020\/01\/Firma_300px-1.jpg"}],"twitter_card":"summary_large_image","twitter_misc":{"Est. reading time":"4 minutos"},"schema":{"@context":"https:\/\/schema.org","@graph":[{"@type":"WebPage","@id":"https:\/\/popolvuh.ufm.edu\/el-museo\/historia\/","url":"https:\/\/popolvuh.ufm.edu\/el-museo\/historia\/","name":"Historia - Museo Popol Vuh","isPartOf":{"@id":"https:\/\/popolvuh.ufm.edu\/#website"},"datePublished":"2019-05-30T17:18:47+00:00","dateModified":"2025-12-09T14:03:35+00:00","breadcrumb":{"@id":"https:\/\/popolvuh.ufm.edu\/el-museo\/historia\/#breadcrumb"},"inLanguage":"es","potentialAction":[{"@type":"ReadAction","target":["https:\/\/popolvuh.ufm.edu\/el-museo\/historia\/"]}]},{"@type":"BreadcrumbList","@id":"https:\/\/popolvuh.ufm.edu\/el-museo\/historia\/#breadcrumb","itemListElement":[{"@type":"ListItem","position":1,"name":"Inicio","item":"https:\/\/popolvuh.ufm.edu\/"},{"@type":"ListItem","position":2,"name":"El museo","item":"https:\/\/popolvuh.ufm.edu\/el-museo\/"},{"@type":"ListItem","position":3,"name":"Historia"}]},{"@type":"WebSite","@id":"https:\/\/popolvuh.ufm.edu\/#website","url":"https:\/\/popolvuh.ufm.edu\/","name":"Museo Popol Vuh","description":"El Museo Popol Vuh ofrece al visitante un recorrido \u00fanico por la historia de Guatemala, ilustrada por medio de una de las mejores colecciones de arte prehisp\u00e1nico y colonial del pa\u00eds.","publisher":{"@id":"https:\/\/popolvuh.ufm.edu\/#organization"},"potentialAction":[{"@type":"SearchAction","target":{"@type":"EntryPoint","urlTemplate":"https:\/\/popolvuh.ufm.edu\/?s={search_term_string}"},"query-input":"required name=search_term_string"}],"inLanguage":"es"},{"@type":"Organization","@id":"https:\/\/popolvuh.ufm.edu\/#organization","name":"Museo Popol Vuh","url":"https:\/\/popolvuh.ufm.edu\/","logo":{"@type":"ImageObject","inLanguage":"es","@id":"https:\/\/popolvuh.ufm.edu\/#\/schema\/logo\/image\/","url":"https:\/\/popolvuh.ufm.edu\/wp-content\/uploads\/2024\/04\/UFM-MUSEO-POPOL-VUH.png","contentUrl":"https:\/\/popolvuh.ufm.edu\/wp-content\/uploads\/2024\/04\/UFM-MUSEO-POPOL-VUH.png","width":200,"height":200,"caption":"Museo Popol Vuh"},"image":{"@id":"https:\/\/popolvuh.ufm.edu\/#\/schema\/logo\/image\/"},"sameAs":["https:\/\/popolvuh.ufm.edu\/wp-content\/uploads\/2024\/04\/UFM-MUSEO-POPOL-VUH.png"]}]}},"_links":{"self":[{"href":"https:\/\/popolvuh.ufm.edu\/index.php?rest_route=\/wp\/v2\/pages\/29","targetHints":{"allow":["GET"]}}],"collection":[{"href":"https:\/\/popolvuh.ufm.edu\/index.php?rest_route=\/wp\/v2\/pages"}],"about":[{"href":"https:\/\/popolvuh.ufm.edu\/index.php?rest_route=\/wp\/v2\/types\/page"}],"author":[{"embeddable":true,"href":"https:\/\/popolvuh.ufm.edu\/index.php?rest_route=\/wp\/v2\/users\/1"}],"replies":[{"embeddable":true,"href":"https:\/\/popolvuh.ufm.edu\/index.php?rest_route=%2Fwp%2Fv2%2Fcomments&post=29"}],"version-history":[{"count":16,"href":"https:\/\/popolvuh.ufm.edu\/index.php?rest_route=\/wp\/v2\/pages\/29\/revisions"}],"predecessor-version":[{"id":17519,"href":"https:\/\/popolvuh.ufm.edu\/index.php?rest_route=\/wp\/v2\/pages\/29\/revisions\/17519"}],"up":[{"embeddable":true,"href":"https:\/\/popolvuh.ufm.edu\/index.php?rest_route=\/wp\/v2\/pages\/25"}],"wp:attachment":[{"href":"https:\/\/popolvuh.ufm.edu\/index.php?rest_route=%2Fwp%2Fv2%2Fmedia&parent=29"}],"curies":[{"name":"wp","href":"https:\/\/api.w.org\/{rel}","templated":true}]}}